[INFO] fetching crate ros-nalgebra 0.1.0...
[INFO] checking ros-nalgebra-0.1.0 against master#9610dfe5a9a731ced1ea4923ecbd0c57fe367898 for beta-170-4
[INFO] extracting crate ros-nalgebra 0.1.0 into /workspace/builds/worker-3-tc1/source
[INFO] validating manifest of crates.io crate ros-nalgebra 0.1.0 on toolchain 9610dfe5a9a731ced1ea4923ecbd0c57fe367898
[INFO] running `Command { std: CARGO_HOME="/workspace/cargo-home" RUSTUP_HOME="/workspace/rustup-home" "/workspace/cargo-home/bin/cargo" "+9610dfe5a9a731ced1ea4923ecbd0c57fe367898" "metadata" "--manifest-path" "Cargo.toml" "--no-deps", kill_on_drop: false }`
[INFO] started tweaking crates.io crate ros-nalgebra 0.1.0
[INFO] finished tweaking crates.io crate ros-nalgebra 0.1.0
[INFO] tweaked toml for crates.io crate ros-nalgebra 0.1.0 written to /workspace/builds/worker-3-tc1/source/Cargo.toml
[INFO] crate crates.io crate ros-nalgebra 0.1.0 already has a lockfile, it will not be regenerated
[INFO] running `Command { std: CARGO_HOME="/workspace/cargo-home" RUSTUP_HOME="/workspace/rustup-home" "/workspace/cargo-home/bin/cargo" "+9610dfe5a9a731ced1ea4923ecbd0c57fe367898" "fetch" "--manifest-path" "Cargo.toml", kill_on_drop: false }`
[INFO] [stderr]     Updating crates.io index
[INFO] [stderr]  Downloading crates ...
[INFO] [stderr]   Downloaded gzip-header v1.0.0
[INFO] [stderr]   Downloaded rosrust v0.9.10
[INFO] [stderr]   Downloaded xml-rs v0.3.6
[INFO] [stderr]   Downloaded rosrust_codegen v0.9.6
[INFO] [stderr]   Downloaded ros_message v0.1.0
[INFO] [stderr]   Downloaded ucd-util v0.1.9
[INFO] [stderr]   Downloaded serde-xml-rs v0.2.1
[INFO] [stderr]   Downloaded rouille v3.6.1
[INFO] [stderr]   Downloaded xml-rpc v0.0.12
[INFO] [stderr]   Downloaded nalgebra v0.31.2
[INFO] [stderr]   Downloaded libc v0.2.136
[INFO] running `Command { std: "docker" "create" "-v" "/var/lib/crater-agent-workspace/builds/worker-3-tc1/target:/opt/rustwide/target:rw,Z" "-v" "/var/lib/crater-agent-workspace/builds/worker-3-tc1/source:/opt/rustwide/workdir:ro,Z" "-v" "/var/lib/crater-agent-workspace/cargo-home:/opt/rustwide/cargo-home:ro,Z" "-v" "/var/lib/crater-agent-workspace/rustup-home:/opt/rustwide/rustup-home:ro,Z" "-e" "SOURCE_DIR=/opt/rustwide/workdir" "-e" "CARGO_TARGET_DIR=/opt/rustwide/target" "-e" "CARGO_HOME=/opt/rustwide/cargo-home" "-e" "RUSTUP_HOME=/opt/rustwide/rustup-home" "-w" "/opt/rustwide/workdir" "-m" "1610612736" "--user" "0:0" "--network" "none" "ghcr.io/rust-lang/crates-build-env/linux@sha256:19e73879b68f455e41552ea35293514db52ea292d993f571636dbffedb77a1ee" "/opt/rustwide/cargo-home/bin/cargo" "+9610dfe5a9a731ced1ea4923ecbd0c57fe367898" "metadata" "--no-deps" "--format-version=1", kill_on_drop: false }`
[INFO] [stdout] 12ed0fa8c9d97472681e8ac05a2365d4a3555d2e9ba874ad6f6bc6d805288ec2
[INFO] running `Command { std: "docker" "start" "-a" "12ed0fa8c9d97472681e8ac05a2365d4a3555d2e9ba874ad6f6bc6d805288ec2", kill_on_drop: false }`
[INFO] running `Command { std: "docker" "inspect" "12ed0fa8c9d97472681e8ac05a2365d4a3555d2e9ba874ad6f6bc6d805288ec2", kill_on_drop: false }`
[INFO] running `Command { std: "docker" "rm" "-f" "12ed0fa8c9d97472681e8ac05a2365d4a3555d2e9ba874ad6f6bc6d805288ec2", kill_on_drop: false }`
[INFO] [stdout] 12ed0fa8c9d97472681e8ac05a2365d4a3555d2e9ba874ad6f6bc6d805288ec2
[INFO] running `Command { std: "docker" "create" "-v" "/var/lib/crater-agent-workspace/builds/worker-3-tc1/target:/opt/rustwide/target:rw,Z" "-v" "/var/lib/crater-agent-workspace/builds/worker-3-tc1/source:/opt/rustwide/workdir:ro,Z" "-v" "/var/lib/crater-agent-workspace/cargo-home:/opt/rustwide/cargo-home:ro,Z" "-v" "/var/lib/crater-agent-workspace/rustup-home:/opt/rustwide/rustup-home:ro,Z" "-e" "SOURCE_DIR=/opt/rustwide/workdir" "-e" "CARGO_TARGET_DIR=/opt/rustwide/target" "-e" "CARGO_INCREMENTAL=0" "-e" "RUST_BACKTRACE=full" "-e" "RUSTFLAGS=--cap-lints=forbid" "-e" "RUSTDOCFLAGS=--cap-lints=forbid" "-e" "CARGO_HOME=/opt/rustwide/cargo-home" "-e" "RUSTUP_HOME=/opt/rustwide/rustup-home" "-w" "/opt/rustwide/workdir" "-m" "1610612736" "--user" "0:0" "--network" "none" "ghcr.io/rust-lang/crates-build-env/linux@sha256:19e73879b68f455e41552ea35293514db52ea292d993f571636dbffedb77a1ee" "/opt/rustwide/cargo-home/bin/cargo" "+9610dfe5a9a731ced1ea4923ecbd0c57fe367898" "check" "--frozen" "--all" "--all-targets" "--message-format=json", kill_on_drop: false }`
[INFO] [stdout] 29a2ef1184df41ffd697a5541385d67815f1a4faf51223be168be59f1e1ba754
[INFO] running `Command { std: "docker" "start" "-a" "29a2ef1184df41ffd697a5541385d67815f1a4faf51223be168be59f1e1ba754", kill_on_drop: false }`
[INFO] [stderr]    Compiling version_check v0.9.4
[INFO] [stderr]     Checking cfg-if v1.0.0
[INFO] [stderr]    Compiling libc v0.2.136
[INFO] [stderr]    Compiling autocfg v1.1.0
[INFO] [stderr]    Compiling typenum v1.15.0
[INFO] [stderr]    Compiling memchr v2.5.0
[INFO] [stderr]    Compiling proc-macro2 v1.0.47
[INFO] [stderr]    Compiling unicode-ident v1.0.5
[INFO] [stderr]    Compiling quote v1.0.21
[INFO] [stderr]    Compiling syn v1.0.103
[INFO] [stderr]    Compiling serde v1.0.147
[INFO] [stderr]    Compiling log v0.4.17
[INFO] [stderr]    Compiling cc v1.0.73
[INFO] [stderr]     Checking tinyvec_macros v0.1.0
[INFO] [stderr]    Compiling crossbeam-utils v0.8.12
[INFO] [stderr]     Checking unicode-bidi v0.3.8
[INFO] [stderr]     Checking tinyvec v1.6.0
[INFO] [stderr]    Compiling serde_derive v1.0.147
[INFO] [stderr]     Checking safemem v0.3.3
[INFO] [stderr]    Compiling httparse v1.8.0
[INFO] [stderr]    Compiling generic-array v0.14.6
[INFO] [stderr]    Compiling unicase v2.6.0
[INFO] [stderr]    Compiling thiserror v1.0.37
[INFO] [stderr]    Compiling num-traits v0.2.15
[INFO] [stderr]    Compiling num-integer v0.1.45
[INFO] [stderr]    Compiling crc32fast v1.3.2
[INFO] [stderr]    Compiling memoffset v0.6.5
[INFO] [stderr]     Checking adler v1.0.2
[INFO] [stderr]     Checking ppv-lite86 v0.2.16
[INFO] [stderr]     Checking alloc-no-stdlib v2.0.4
[INFO] [stderr]     Checking lazy_static v1.4.0
[INFO] [stderr]    Compiling version_check v0.1.5
[INFO] [stderr]     Checking gimli v0.26.2
[INFO] [stderr]    Compiling mime_guess v2.0.4
[INFO] [stderr]     Checking unicode-normalization v0.1.22
[INFO] [stderr]     Checking alloc-stdlib v0.2.2
[INFO] [stderr]    Compiling backtrace v0.3.66
[INFO] [stderr]    Compiling unicase v1.4.2
[INFO] [stderr]     Checking miniz_oxide v0.5.4
[INFO] [stderr]     Checking object v0.29.0
[INFO] [stderr]     Checking log v0.3.9
[INFO] [stderr]    Compiling crossbeam-epoch v0.9.11
[INFO] [stderr]    Compiling error-chain v0.12.4
[INFO] [stderr]     Checking byteorder v1.4.3
[INFO] [stderr]     Checking rustc-demangle v0.1.21
[INFO] [stderr]     Checking matches v0.1.9
[INFO] [stderr]     Checking percent-encoding v2.2.0
[INFO] [stderr]     Checking getrandom v0.2.8
[INFO] [stderr]     Checking num_cpus v1.13.1
[INFO] [stderr]     Checking fastrand v1.8.0
[INFO] [stderr]     Checking mime v0.3.16
[INFO] [stderr]     Checking remove_dir_all v0.5.3
[INFO] [stderr]    Compiling serde_json v1.0.87
[INFO] [stderr]     Checking form_urlencoded v1.1.0
[INFO] [stderr]     Checking idna v0.3.0
[INFO] [stderr]     Checking rand_core v0.6.4
[INFO] [stderr]     Checking idna v0.1.5
[INFO] [stderr]     Checking tempfile v3.3.0
[INFO] [stderr]    Compiling digest v0.9.0
[INFO] [stderr]    Compiling block-buffer v0.9.0
[INFO] [stderr]     Checking rand_chacha v0.3.1
[INFO] [stderr]     Checking brotli-decompressor v2.3.2
[INFO] [stderr]     Checking gzip-header v1.0.0
[INFO] [stderr]     Checking block-buffer v0.10.3
[INFO] [stderr]     Checking crypto-common v0.1.6
[INFO] [stderr]     Checking rand v0.8.5
[INFO] [stderr]    Compiling aho-corasick v0.7.19
[INFO] [stderr]     Checking digest v0.10.5
[INFO] [stderr]     Checking twoway v0.1.8
[INFO] [stderr]     Checking buf_redux v0.8.4
[INFO] [stderr]     Checking ascii v1.1.0
[INFO] [stderr]     Checking chunked_transfer v1.4.0
[INFO] [stderr]     Checking httpdate v1.0.2
[INFO] [stderr]     Checking percent-encoding v1.0.1
[INFO] [stderr]     Checking cpufeatures v0.2.5
[INFO] [stderr]     Checking bytemuck v1.12.1
[INFO] [stderr]     Checking scopeguard v1.1.0
[INFO] [stderr]    Compiling either v1.8.0
[INFO] [stderr]    Compiling opaque-debug v0.3.0
[INFO] [stderr]     Checking itoa v1.0.4
[INFO] [stderr]     Checking iana-time-zone v0.1.51
[INFO] [stderr]    Compiling regex-syntax v0.6.27
[INFO] [stderr]     Checking bitflags v0.7.0
[INFO] [stderr]     Checking ucd-util v0.1.9
[INFO] [stderr]     Checking num_threads v0.1.6
[INFO] [stderr]    Compiling crossbeam-queue v0.3.6
[INFO] [stderr]     Checking quick-error v1.2.3
[INFO] [stderr]     Checking adler32 v1.2.0
[INFO] [stderr]     Checking ryu v1.0.11
[INFO] [stderr]     Checking time-core v0.1.0
[INFO] [stderr]    Compiling regex v0.2.11
[INFO] [stderr]     Checking multipart v0.18.0
[INFO] [stderr]     Checking time v0.3.16
[INFO] [stderr]     Checking deflate v1.0.0
[INFO] [stderr]     Checking regex-syntax v0.5.6
[INFO] [stderr]     Checking addr2line v0.17.0
[INFO] [stderr]     Checking chrono v0.4.22
[INFO] [stderr]    Compiling itertools v0.10.5
[INFO] [stderr]     Checking xml-rs v0.3.6
[INFO] [stderr]    Compiling md-5 v0.9.1
[INFO] [stderr]     Checking safe_arch v0.6.0
[INFO] [stderr]     Checking tiny_http v0.12.0
[INFO] [stderr]     Checking brotli v3.3.4
[INFO] [stderr]     Checking url v1.7.2
[INFO] [stderr]     Checking sha1 v0.10.5
[INFO] [stderr]     Checking url v2.3.1
[INFO] [stderr]     Checking threadpool v1.8.1
[INFO] [stderr]     Checking filetime v0.2.18
[INFO] [stderr]     Checking time v0.1.44
[INFO] [stderr]     Checking base64 v0.9.3
[INFO] [stderr]     Checking mime v0.2.6
[INFO] [stderr]     Checking thread_local v0.3.6
[INFO] [stderr]     Checking aho-corasick v0.6.10
[INFO] [stderr]    Compiling num-rational v0.4.1
[INFO] [stderr]     Checking typeable v0.1.2
[INFO] [stderr]     Checking base64 v0.13.1
[INFO] [stderr]     Checking language-tags v0.2.2
[INFO] [stderr]     Checking bitflags v0.9.1
[INFO] [stderr]     Checking bitflags v1.3.2
[INFO] [stderr]     Checking traitobject v0.1.0
[INFO] [stderr]     Checking utf8-ranges v1.0.5
[INFO] [stderr]    Compiling hex v0.4.3
[INFO] [stderr]    Compiling array-init v2.0.1
[INFO] [stderr]     Checking safemem v0.2.0
[INFO] [stderr]     Checking base64 v0.6.0
[INFO] [stderr]     Checking hyper v0.10.16
[INFO] [stderr]     Checking error-chain v0.10.0
[INFO] [stderr]     Checking nix v0.25.0
[INFO] [stderr]     Checking xml-rs v0.6.1
[INFO] [stderr]     Checking wide v0.7.5
[INFO] [stderr]     Checking serde-xml-rs v0.2.1
[INFO] [stderr]     Checking crossbeam-deque v0.8.2
[INFO] [stderr]     Checking serde_bytes v0.10.5
[INFO] [stderr]     Checking num-complex v0.4.2
[INFO] [stderr]     Checking approx v0.5.1
[INFO] [stderr]     Checking atty v0.2.14
[INFO] [stderr]     Checking crossbeam-channel v0.5.6
[INFO] [stderr]    Compiling paste v1.0.9
[INFO] [stderr]     Checking match_cfg v0.1.0
[INFO] [stderr]    Compiling regex v1.6.0
[INFO] [stderr]     Checking rawpointer v0.2.1
[INFO] [stderr]     Checking futures v0.1.31
[INFO] [stderr]     Checking linked-hash-map v0.5.6
[INFO] [stderr]     Checking ctrlc v3.2.3
[INFO] [stderr]     Checking yaml-rust v0.4.5
[INFO] [stderr]     Checking matrixmultiply v0.3.2
[INFO] [stderr]     Checking crossbeam v0.8.2
[INFO] [stderr]     Checking hostname v0.3.1
[INFO] [stderr]     Checking colored v2.0.0
[INFO] [stderr]     Checking socket2 v0.4.7
[INFO] [stderr]     Checking ros-nalgebra v0.1.0 (/opt/rustwide/workdir)
[INFO] [stderr]     Checking simba v0.7.2
[INFO] [stderr]    Compiling thiserror-impl v1.0.37
[INFO] [stderr]    Compiling nalgebra-macros v0.1.0
[INFO] [stderr]    Compiling ros_message v0.1.0
[INFO] [stderr]     Checking rouille v3.6.1
[INFO] [stderr]     Checking xml-rpc v0.0.12
[INFO] [stderr]    Compiling rosrust_codegen v0.9.6
[INFO] [stderr]     Checking nalgebra v0.31.2
[INFO] [stderr]     Checking rosrust v0.9.10
[INFO] [stdout] error: proc macro panicked
[INFO] [stdout]   --> tests/test_path_ns.rs:5:9
[INFO] [stdout]    |
[INFO] [stdout] 5  | /         rosrust::rosmsg_include!(
[INFO] [stdout] 6  | |             geometry_msgs / Point,
[INFO] [stdout] 7  | |             geometry_msgs / Pose,
[INFO] [stdout] 8  | |             geometry_msgs / Quaternion,
[INFO] [stdout] 9  | |             geometry_msgs / Transform,
[INFO] [stdout] 10 | |             geometry_msgs / Vector3,
[INFO] [stdout] 11 | |         );
[INFO] [stdout]    | |_________^
[INFO] [stdout]    |
[INFO] [stdout]    = help: message: message geometry_msgs/Vector3 not found in provided directories
[INFO] [stdout]            Directories:
[INFO] [stdout]            share
[INFO] [stdout]            ../src
[INFO] [stdout]            
[INFO] [stdout] 
[INFO] [stdout] 
[INFO] [stdout] error: proc macro panicked
[INFO] [stdout]   --> tests/test.rs:24:9
[INFO] [stdout]    |
[INFO] [stdout] 24 | /         ros_nalgebra::rosmsg_include!(
[INFO] [stdout] 25 | |             nav_msgs / Odometry,
[INFO] [stdout] 26 | |             sensor_msgs / Imu,
[INFO] [stdout] 27 | |         );
[INFO] [stdout]    | |_________^
[INFO] [stdout]    |
[INFO] [stdout]    = help: message: message sensor_msgs/Imu not found in provided directories
[INFO] [stdout]            Directories:
[INFO] [stdout]            share
[INFO] [stdout]            ../src
[INFO] [stdout]            
[INFO] [stdout]    = note: this error originates in the macro `ros_nalgebra::rosmsg_include` (in Nightly builds, run with -Z macro-backtrace for more info)
[INFO] [stdout] 
[INFO] [stdout] 
[INFO] [stdout] error: proc macro panicked
[INFO] [stdout]   --> examples/example1.rs:22:9
[INFO] [stdout]    |
[INFO] [stdout] 22 |         ros_nalgebra::rosmsg_include!(nav_msgs / Odometry);
[INFO] [stdout]    |         ^^^^^^^^^^^^^^^^^^^^^^^^^^^^^^^^^^^^^^^^^^^^^^^^^^
[INFO] [stdout]    |
[INFO] [stdout]    = help: message: message nav_msgs/Odometry not found in provided directories
[INFO] [stdout]            Directories:
[INFO] [stdout]            share
[INFO] [stdout]            ../src
[INFO] [stdout]            
[INFO] [stdout]    = note: this error originates in the macro `ros_nalgebra::rosmsg_include` (in Nightly builds, run with -Z macro-backtrace for more info)
[INFO] [stdout] 
[INFO] [stdout] 
[INFO] [stdout] error: proc macro panicked
[INFO] [stdout]   --> tests/test_pose_msg.rs:24:9
[INFO] [stdout]    |
[INFO] [stdout] 24 | /         rosrust::rosmsg_include!(
[INFO] [stdout] 25 | |             geometry_msgs / Pose,
[INFO] [stdout] 26 | |         );
[INFO] [stdout]    | |_________^
[INFO] [stdout]    |
[INFO] [stdout]    = help: message: message geometry_msgs/Pose not found in provided directories
[INFO] [stdout]            Directories:
[INFO] [stdout]            share
[INFO] [stdout]            ../src
[INFO] [stdout]            
[INFO] [stdout] 
[INFO] [stdout] 
[INFO] [stdout] error: proc macro panicked
[INFO] [stdout]   --> tests/test_transform_msg.rs:24:9
[INFO] [stdout]    |
[INFO] [stdout] 24 | /         rosrust::rosmsg_include!(
[INFO] [stdout] 25 | |             geometry_msgs / Transform,
[INFO] [stdout] 26 | |         );
[INFO] [stdout]    | |_________^
[INFO] [stdout]    |
[INFO] [stdout]    = help: message: message geometry_msgs/Transform not found in provided directories
[INFO] [stdout]            Directories:
[INFO] [stdout]            share
[INFO] [stdout]            ../src
[INFO] [stdout]            
[INFO] [stdout] 
[INFO] [stdout] 
[INFO] [stdout] error[E0433]: failed to resolve: could not find `geometry_msgs` in `self`
[INFO] [stdout]   --> tests/test.rs:24:9
[INFO] [stdout]    |
[INFO] [stdout] 24 | /         ros_nalgebra::rosmsg_include!(
[INFO] [stdout] 25 | |             nav_msgs / Odometry,
[INFO] [stdout] 26 | |             sensor_msgs / Imu,
[INFO] [stdout] 27 | |         );
[INFO] [stdout]    | |_________^ could not find `geometry_msgs` in `self`
[INFO] [stdout]    |
[INFO] [stdout]    = note: this error originates in the macro `$crate::ros_nalgebra_msg` which comes from the expansion of the macro `ros_nalgebra::rosmsg_include` (in Nightly builds, run with -Z macro-backtrace for more info)
[INFO] [stdout] 
[INFO] [stdout] 
[INFO] [stdout] error[E0433]: failed to resolve: could not find `geometry_msgs` in `self`
[INFO] [stdout]   --> examples/example1.rs:22:9
[INFO] [stdout]    |
[INFO] [stdout] 22 |         ros_nalgebra::rosmsg_include!(nav_msgs / Odometry);
[INFO] [stdout]    |         ^^^^^^^^^^^^^^^^^^^^^^^^^^^^^^^^^^^^^^^^^^^^^^^^^^ could not find `geometry_msgs` in `self`
[INFO] [stdout]    |
[INFO] [stdout]    = note: this error originates in the macro `$crate::ros_nalgebra_msg` which comes from the expansion of the macro `ros_nalgebra::rosmsg_include` (in Nightly builds, run with -Z macro-backtrace for more info)
[INFO] [stdout] 
[INFO] [stdout] 
[INFO] [stdout] error[E0433]: failed to resolve: could not find `geometry_msgs` in `self`
[INFO] [stdout]   --> tests/test.rs:24:9
[INFO] [stdout]    |
[INFO] [stdout] 24 | /         ros_nalgebra::rosmsg_include!(
[INFO] [stdout] 25 | |             nav_msgs / Odometry,
[INFO] [stdout] 26 | |             sensor_msgs / Imu,
[INFO] [stdout] 27 | |         );
[INFO] [stdout]    | |_________^ could not find `geometry_msgs` in `self`
[INFO] [stdout]    |
[INFO] [stdout]    = note: this error originates in the macro `$crate::ros_nalgebra_msg` which comes from the expansion of the macro `ros_nalgebra::rosmsg_include` (in Nightly builds, run with -Z macro-backtrace for more info)
[INFO] [stdout] 
[INFO] [stdout] 
[INFO] [stdout] error[E0433]: failed to resolve: could not find `geometry_msgs` in `msg`
[INFO] [stdout]   --> tests/test_path_ns.rs:14:1
[INFO] [stdout]    |
[INFO] [stdout] 14 | ros_nalgebra::ros_nalgebra!(nested::msg);
[INFO] [stdout]    | ^^^^^^^^^^^^^^^^^^^^^^^^^^^^^^^^^^^^^^^^ could not find `geometry_msgs` in `msg`
[INFO] [stdout]    |
[INFO] [stdout]    = note: this error originates in the macro `$crate::ros_nalgebra_msg` which comes from the expansion of the macro `ros_nalgebra::ros_nalgebra` (in Nightly builds, run with -Z macro-backtrace for more info)
[INFO] [stdout] 
[INFO] [stdout] 
[INFO] [stdout] error[E0433]: failed to resolve: could not find `geometry_msgs` in `self`
[INFO] [stdout]   --> tests/test.rs:24:9
[INFO] [stdout]    |
[INFO] [stdout] 24 | /         ros_nalgebra::rosmsg_include!(
[INFO] [stdout] 25 | |             nav_msgs / Odometry,
[INFO] [stdout] 26 | |             sensor_msgs / Imu,
[INFO] [stdout] 27 | |         );
[INFO] [stdout]    | |_________^ could not find `geometry_msgs` in `self`
[INFO] [stdout]    |
[INFO] [stdout]    = note: this error originates in the macro `$crate::ros_nalgebra_msg` which comes from the expansion of the macro `ros_nalgebra::rosmsg_include` (in Nightly builds, run with -Z macro-backtrace for more info)
[INFO] [stdout] 
[INFO] [stdout] 
[INFO] [stdout] error[E0433]: failed to resolve: could not find `geometry_msgs` in `self`
[INFO] [stdout]   --> examples/example1.rs:22:9
[INFO] [stdout]    |
[INFO] [stdout] 22 |         ros_nalgebra::rosmsg_include!(nav_msgs / Odometry);
[INFO] [stdout]    |         ^^^^^^^^^^^^^^^^^^^^^^^^^^^^^^^^^^^^^^^^^^^^^^^^^^ could not find `geometry_msgs` in `self`
[INFO] [stdout]    |
[INFO] [stdout]    = note: this error originates in the macro `$crate::ros_nalgebra_msg` which comes from the expansion of the macro `ros_nalgebra::rosmsg_include` (in Nightly builds, run with -Z macro-backtrace for more info)
[INFO] [stdout] 
[INFO] [stdout] 
[INFO] [stdout] error[E0433]: failed to resolve: could not find `geometry_msgs` in `self`
[INFO] [stdout]   --> tests/test.rs:24:9
[INFO] [stdout]    |
[INFO] [stdout] 24 | /         ros_nalgebra::rosmsg_include!(
[INFO] [stdout] 25 | |             nav_msgs / Odometry,
[INFO] [stdout] 26 | |             sensor_msgs / Imu,
[INFO] [stdout] 27 | |         );
[INFO] [stdout]    | |_________^ could not find `geometry_msgs` in `self`
[INFO] [stdout]    |
[INFO] [stdout]    = note: this error originates in the macro `$crate::ros_nalgebra_msg` which comes from the expansion of the macro `ros_nalgebra::rosmsg_include` (in Nightly builds, run with -Z macro-backtrace for more info)
[INFO] [stdout] 
[INFO] [stdout] 
[INFO] [stdout] error[E0433]: failed to resolve: could not find `geometry_msgs` in `my_msg`
[INFO] [stdout]   --> tests/test_transform_msg.rs:29:5
[INFO] [stdout]    |
[INFO] [stdout] 29 |     ros_nalgebra::ros_nalgebra_msg!(my_msg, Quaternion);
[INFO] [stdout]    |     ^^^^^^^^^^^^^^^^^^^^^^^^^^^^^^^^^^^^^^^^^^^^^^^^^^^ could not find `geometry_msgs` in `my_msg`
[INFO] [stdout]    |
[INFO] [stdout]    = note: this error originates in the macro `ros_nalgebra::ros_nalgebra_msg` (in Nightly builds, run with -Z macro-backtrace for more info)
[INFO] [stdout] 
[INFO] [stdout] 
[INFO] [stdout] error[E0433]: failed to resolve: could not find `geometry_msgs` in `my_msg`
[INFO] [stdout]   --> tests/test_pose_msg.rs:29:5
[INFO] [stdout]    |
[INFO] [stdout] 29 |     ros_nalgebra::ros_nalgebra_msg!(my_msg, Quaternion);
[INFO] [stdout]    |     ^^^^^^^^^^^^^^^^^^^^^^^^^^^^^^^^^^^^^^^^^^^^^^^^^^^ could not find `geometry_msgs` in `my_msg`
[INFO] [stdout]    |
[INFO] [stdout]    = note: this error originates in the macro `ros_nalgebra::ros_nalgebra_msg` (in Nightly builds, run with -Z macro-backtrace for more info)
[INFO] [stdout] 
[INFO] [stdout] 
[INFO] [stdout] error[E0433]: failed to resolve: could not find `geometry_msgs` in `self`
[INFO] [stdout]   --> tests/test.rs:24:9
[INFO] [stdout]    |
[INFO] [stdout] 24 | /         ros_nalgebra::rosmsg_include!(
[INFO] [stdout] 25 | |             nav_msgs / Odometry,
[INFO] [stdout] 26 | |             sensor_msgs / Imu,
[INFO] [stdout] 27 | |         );
[INFO] [stdout]    | |_________^ could not find `geometry_msgs` in `self`
[INFO] [stdout]    |
[INFO] [stdout]    = note: this error originates in the macro `$crate::ros_nalgebra_msg` which comes from the expansion of the macro `ros_nalgebra::rosmsg_include` (in Nightly builds, run with -Z macro-backtrace for more info)
[INFO] [stdout] 
[INFO] [stdout] 
[INFO] [stdout] error[E0433]: failed to resolve: could not find `geometry_msgs` in `self`
[INFO] [stdout]   --> examples/example1.rs:22:9
[INFO] [stdout]    |
[INFO] [stdout] 22 |         ros_nalgebra::rosmsg_include!(nav_msgs / Odometry);
[INFO] [stdout]    |         ^^^^^^^^^^^^^^^^^^^^^^^^^^^^^^^^^^^^^^^^^^^^^^^^^^ could not find `geometry_msgs` in `self`
[INFO] [stdout]    |
[INFO] [stdout]    = note: this error originates in the macro `$crate::ros_nalgebra_msg` which comes from the expansion of the macro `ros_nalgebra::rosmsg_include` (in Nightly builds, run with -Z macro-backtrace for more info)
[INFO] [stdout] 
[INFO] [stdout] 
[INFO] [stdout] error[E0433]: failed to resolve: could not find `geometry_msgs` in `msg`
[INFO] [stdout]   --> tests/test_path_ns.rs:14:1
[INFO] [stdout]    |
[INFO] [stdout] 14 | ros_nalgebra::ros_nalgebra!(nested::msg);
[INFO] [stdout]    | ^^^^^^^^^^^^^^^^^^^^^^^^^^^^^^^^^^^^^^^^ could not find `geometry_msgs` in `msg`
[INFO] [stdout]    |
[INFO] [stdout]    = note: this error originates in the macro `$crate::ros_nalgebra_msg` which comes from the expansion of the macro `ros_nalgebra::ros_nalgebra` (in Nightly builds, run with -Z macro-backtrace for more info)
[INFO] [stdout] 
[INFO] [stdout] 
[INFO] [stdout] error[E0433]: failed to resolve: could not find `geometry_msgs` in `self`
[INFO] [stdout]   --> tests/test.rs:24:9
[INFO] [stdout]    |
[INFO] [stdout] 24 | /         ros_nalgebra::rosmsg_include!(
[INFO] [stdout] 25 | |             nav_msgs / Odometry,
[INFO] [stdout] 26 | |             sensor_msgs / Imu,
[INFO] [stdout] 27 | |         );
[INFO] [stdout]    | |_________^ could not find `geometry_msgs` in `self`
[INFO] [stdout]    |
[INFO] [stdout]    = note: this error originates in the macro `$crate::ros_nalgebra_msg` which comes from the expansion of the macro `ros_nalgebra::rosmsg_include` (in Nightly builds, run with -Z macro-backtrace for more info)
[INFO] [stdout] 
[INFO] [stdout] 
[INFO] [stdout] error[E0433]: failed to resolve: could not find `geometry_msgs` in `my_msg`
[INFO] [stdout]   --> tests/test_transform_msg.rs:29:5
[INFO] [stdout]    |
[INFO] [stdout] 29 |     ros_nalgebra::ros_nalgebra_msg!(my_msg, Quaternion);
[INFO] [stdout]    |     ^^^^^^^^^^^^^^^^^^^^^^^^^^^^^^^^^^^^^^^^^^^^^^^^^^^ could not find `geometry_msgs` in `my_msg`
[INFO] [stdout]    |
[INFO] [stdout]    = note: this error originates in the macro `ros_nalgebra::ros_nalgebra_msg` (in Nightly builds, run with -Z macro-backtrace for more info)
[INFO] [stdout] 
[INFO] [stdout] 
[INFO] [stdout] error[E0433]: failed to resolve: could not find `geometry_msgs` in `self`
[INFO] [stdout]   --> examples/example1.rs:22:9
[INFO] [stdout]    |
[INFO] [stdout] 22 |         ros_nalgebra::rosmsg_include!(nav_msgs / Odometry);
[INFO] [stdout]    |         ^^^^^^^^^^^^^^^^^^^^^^^^^^^^^^^^^^^^^^^^^^^^^^^^^^ could not find `geometry_msgs` in `self`
[INFO] [stdout]    |
[INFO] [stdout]    = note: this error originates in the macro `$crate::ros_nalgebra_msg` which comes from the expansion of the macro `ros_nalgebra::rosmsg_include` (in Nightly builds, run with -Z macro-backtrace for more info)
[INFO] [stdout] 
[INFO] [stdout] 
[INFO] [stdout] error[E0433]: failed to resolve: could not find `geometry_msgs` in `self`
[INFO] [stdout]   --> tests/test.rs:24:9
[INFO] [stdout]    |
[INFO] [stdout] 24 | /         ros_nalgebra::rosmsg_include!(
[INFO] [stdout] 25 | |             nav_msgs / Odometry,
[INFO] [stdout] 26 | |             sensor_msgs / Imu,
[INFO] [stdout] 27 | |         );
[INFO] [stdout]    | |_________^ could not find `geometry_msgs` in `self`
[INFO] [stdout]    |
[INFO] [stdout]    = note: this error originates in the macro `$crate::ros_nalgebra_msg` which comes from the expansion of the macro `ros_nalgebra::rosmsg_include` (in Nightly builds, run with -Z macro-backtrace for more info)
[INFO] [stdout] 
[INFO] [stdout] 
[INFO] [stdout] error[E0433]: failed to resolve: could not find `geometry_msgs` in `msg`
[INFO] [stdout]   --> tests/test_path_ns.rs:14:1
[INFO] [stdout]    |
[INFO] [stdout] 14 | ros_nalgebra::ros_nalgebra!(nested::msg);
[INFO] [stdout]    | ^^^^^^^^^^^^^^^^^^^^^^^^^^^^^^^^^^^^^^^^ could not find `geometry_msgs` in `msg`
[INFO] [stdout]    |
[INFO] [stdout]    = note: this error originates in the macro `$crate::ros_nalgebra_msg` which comes from the expansion of the macro `ros_nalgebra::ros_nalgebra` (in Nightly builds, run with -Z macro-backtrace for more info)
[INFO] [stdout] 
[INFO] [stdout] 
[INFO] [stdout] error[E0433]: failed to resolve: could not find `geometry_msgs` in `self`
[INFO] [stdout]   --> examples/example1.rs:22:9
[INFO] [stdout]    |
[INFO] [stdout] 22 |         ros_nalgebra::rosmsg_include!(nav_msgs / Odometry);
[INFO] [stdout]    |         ^^^^^^^^^^^^^^^^^^^^^^^^^^^^^^^^^^^^^^^^^^^^^^^^^^ could not find `geometry_msgs` in `self`
[INFO] [stdout]    |
[INFO] [stdout]    = note: this error originates in the macro `$crate::ros_nalgebra_msg` which comes from the expansion of the macro `ros_nalgebra::rosmsg_include` (in Nightly builds, run with -Z macro-backtrace for more info)
[INFO] [stdout] 
[INFO] [stdout] 
[INFO] [stdout] error[E0433]: failed to resolve: could not find `geometry_msgs` in `self`
[INFO] [stdout]   --> tests/test.rs:24:9
[INFO] [stdout]    |
[INFO] [stdout] 24 | /         ros_nalgebra::rosmsg_include!(
[INFO] [stdout] 25 | |             nav_msgs / Odometry,
[INFO] [stdout] 26 | |             sensor_msgs / Imu,
[INFO] [stdout] 27 | |         );
[INFO] [stdout]    | |_________^ could not find `geometry_msgs` in `self`
[INFO] [stdout]    |
[INFO] [stdout]    = note: this error originates in the macro `$crate::ros_nalgebra_msg` which comes from the expansion of the macro `ros_nalgebra::rosmsg_include` (in Nightly builds, run with -Z macro-backtrace for more info)
[INFO] [stdout] 
[INFO] [stdout] 
[INFO] [stdout] error[E0433]: failed to resolve: could not find `geometry_msgs` in `my_msg`
[INFO] [stdout]   --> tests/test_transform_msg.rs:29:5
[INFO] [stdout]    |
[INFO] [stdout] 29 |     ros_nalgebra::ros_nalgebra_msg!(my_msg, Quaternion);
[INFO] [stdout]    |     ^^^^^^^^^^^^^^^^^^^^^^^^^^^^^^^^^^^^^^^^^^^^^^^^^^^ could not find `geometry_msgs` in `my_msg`
[INFO] [stdout]    |
[INFO] [stdout]    = note: this error originates in the macro `ros_nalgebra::ros_nalgebra_msg` (in Nightly builds, run with -Z macro-backtrace for more info)
[INFO] [stdout] 
[INFO] [stdout] 
[INFO] [stdout] error[E0433]: failed to resolve: could not find `geometry_msgs` in `self`
[INFO] [stdout]   --> examples/example1.rs:22:9
[INFO] [stdout]    |
[INFO] [stdout] 22 |         ros_nalgebra::rosmsg_include!(nav_msgs / Odometry);
[INFO] [stdout]    |         ^^^^^^^^^^^^^^^^^^^^^^^^^^^^^^^^^^^^^^^^^^^^^^^^^^ could not find `geometry_msgs` in `self`
[INFO] [stdout]    |
[INFO] [stdout]    = note: this error originates in the macro `$crate::ros_nalgebra_msg` which comes from the expansion of the macro `ros_nalgebra::rosmsg_include` (in Nightly builds, run with -Z macro-backtrace for more info)
[INFO] [stdout] 
[INFO] [stdout] 
[INFO] [stdout] error[E0433]: failed to resolve: could not find `geometry_msgs` in `msg`
[INFO] [stdout]   --> tests/test_path_ns.rs:14:1
[INFO] [stdout]    |
[INFO] [stdout] 14 | ros_nalgebra::ros_nalgebra!(nested::msg);
[INFO] [stdout]    | ^^^^^^^^^^^^^^^^^^^^^^^^^^^^^^^^^^^^^^^^ could not find `geometry_msgs` in `msg`
[INFO] [stdout]    |
[INFO] [stdout]    = note: this error originates in the macro `$crate::ros_nalgebra_msg` which comes from the expansion of the macro `ros_nalgebra::ros_nalgebra` (in Nightly builds, run with -Z macro-backtrace for more info)
[INFO] [stdout] 
[INFO] [stdout] 
[INFO] [stdout] error[E0433]: failed to resolve: could not find `geometry_msgs` in `self`
[INFO] [stdout]   --> tests/test.rs:24:9
[INFO] [stdout]    |
[INFO] [stdout] 24 | /         ros_nalgebra::rosmsg_include!(
[INFO] [stdout] 25 | |             nav_msgs / Odometry,
[INFO] [stdout] 26 | |             sensor_msgs / Imu,
[INFO] [stdout] 27 | |         );
[INFO] [stdout]    | |_________^ could not find `geometry_msgs` in `self`
[INFO] [stdout]    |
[INFO] [stdout]    = note: this error originates in the macro `$crate::ros_nalgebra_msg` which comes from the expansion of the macro `ros_nalgebra::rosmsg_include` (in Nightly builds, run with -Z macro-backtrace for more info)
[INFO] [stdout] 
[INFO] [stdout] 
[INFO] [stdout] error[E0433]: failed to resolve: could not find `geometry_msgs` in `self`
[INFO] [stdout]   --> examples/example1.rs:22:9
[INFO] [stdout]    |
[INFO] [stdout] 22 |         ros_nalgebra::rosmsg_include!(nav_msgs / Odometry);
[INFO] [stdout]    |         ^^^^^^^^^^^^^^^^^^^^^^^^^^^^^^^^^^^^^^^^^^^^^^^^^^ could not find `geometry_msgs` in `self`
[INFO] [stdout]    |
[INFO] [stdout]    = note: this error originates in the macro `$crate::ros_nalgebra_msg` which comes from the expansion of the macro `ros_nalgebra::rosmsg_include` (in Nightly builds, run with -Z macro-backtrace for more info)
[INFO] [stdout] 
[INFO] [stdout] 
[INFO] [stdout] error[E0433]: failed to resolve: could not find `geometry_msgs` in `my_msg`
[INFO] [stdout]   --> tests/test_transform_msg.rs:29:5
[INFO] [stdout]    |
[INFO] [stdout] 29 |     ros_nalgebra::ros_nalgebra_msg!(my_msg, Quaternion);
[INFO] [stdout]    |     ^^^^^^^^^^^^^^^^^^^^^^^^^^^^^^^^^^^^^^^^^^^^^^^^^^^ could not find `geometry_msgs` in `my_msg`
[INFO] [stdout]    |
[INFO] [stdout]    = note: this error originates in the macro `ros_nalgebra::ros_nalgebra_msg` (in Nightly builds, run with -Z macro-backtrace for more info)
[INFO] [stdout] 
[INFO] [stdout] 
[INFO] [stdout] error[E0433]: failed to resolve: could not find `geometry_msgs` in `msg`
[INFO] [stdout]   --> tests/test_path_ns.rs:14:1
[INFO] [stdout]    |
[INFO] [stdout] 14 | ros_nalgebra::ros_nalgebra!(nested::msg);
[INFO] [stdout]    | ^^^^^^^^^^^^^^^^^^^^^^^^^^^^^^^^^^^^^^^^ could not find `geometry_msgs` in `msg`
[INFO] [stdout]    |
[INFO] [stdout]    = note: this error originates in the macro `$crate::ros_nalgebra_msg` which comes from the expansion of the macro `ros_nalgebra::ros_nalgebra` (in Nightly builds, run with -Z macro-backtrace for more info)
[INFO] [stdout] 
[INFO] [stdout] 
[INFO] [stdout] error[E0433]: failed to resolve: could not find `geometry_msgs` in `self`
[INFO] [stdout]   --> tests/test.rs:24:9
[INFO] [stdout]    |
[INFO] [stdout] 24 | /         ros_nalgebra::rosmsg_include!(
[INFO] [stdout] 25 | |             nav_msgs / Odometry,
[INFO] [stdout] 26 | |             sensor_msgs / Imu,
[INFO] [stdout] 27 | |         );
[INFO] [stdout]    | |_________^ could not find `geometry_msgs` in `self`
[INFO] [stdout]    |
[INFO] [stdout]    = note: this error originates in the macro `$crate::ros_nalgebra_msg` which comes from the expansion of the macro `ros_nalgebra::rosmsg_include` (in Nightly builds, run with -Z macro-backtrace for more info)
[INFO] [stdout] 
[INFO] [stdout] 
[INFO] [stdout] error[E0433]: failed to resolve: could not find `geometry_msgs` in `msg`
[INFO] [stdout]   --> tests/test_path_ns.rs:14:1
[INFO] [stdout]    |
[INFO] [stdout] 14 | ros_nalgebra::ros_nalgebra!(nested::msg);
[INFO] [stdout]    | ^^^^^^^^^^^^^^^^^^^^^^^^^^^^^^^^^^^^^^^^ could not find `geometry_msgs` in `msg`
[INFO] [stdout]    |
[INFO] [stdout]    = note: this error originates in the macro `$crate::ros_nalgebra_msg` which comes from the expansion of the macro `ros_nalgebra::ros_nalgebra` (in Nightly builds, run with -Z macro-backtrace for more info)
[INFO] [stdout] 
[INFO] [stdout] 
[INFO] [stdout] error[E0433]: failed to resolve: could not find `geometry_msgs` in `my_msg`
[INFO] [stdout]   --> tests/test_pose_msg.rs:29:5
[INFO] [stdout]    |
[INFO] [stdout] 29 |     ros_nalgebra::ros_nalgebra_msg!(my_msg, Quaternion);
[INFO] [stdout]    |     ^^^^^^^^^^^^^^^^^^^^^^^^^^^^^^^^^^^^^^^^^^^^^^^^^^^ could not find `geometry_msgs` in `my_msg`
[INFO] [stdout]    |
[INFO] [stdout]    = note: this error originates in the macro `ros_nalgebra::ros_nalgebra_msg` (in Nightly builds, run with -Z macro-backtrace for more info)
[INFO] [stdout] 
[INFO] [stdout] 
[INFO] [stdout] error[E0433]: failed to resolve: could not find `geometry_msgs` in `my_msg`
[INFO] [stdout]   --> tests/test_transform_msg.rs:29:5
[INFO] [stdout]    |
[INFO] [stdout] 29 |     ros_nalgebra::ros_nalgebra_msg!(my_msg, Quaternion);
[INFO] [stdout]    |     ^^^^^^^^^^^^^^^^^^^^^^^^^^^^^^^^^^^^^^^^^^^^^^^^^^^ could not find `geometry_msgs` in `my_msg`
[INFO] [stdout]    |
[INFO] [stdout]    = note: this error originates in the macro `ros_nalgebra::ros_nalgebra_msg` (in Nightly builds, run with -Z macro-backtrace for more info)
[INFO] [stdout] 
[INFO] [stdout] 
[INFO] [stdout] error[E0433]: failed to resolve: could not find `geometry_msgs` in `self`
[INFO] [stdout]   --> tests/test.rs:24:9
[INFO] [stdout]    |
[INFO] [stdout] 24 | /         ros_nalgebra::rosmsg_include!(
[INFO] [stdout] 25 | |             nav_msgs / Odometry,
[INFO] [stdout] 26 | |             sensor_msgs / Imu,
[INFO] [stdout] 27 | |         );
[INFO] [stdout]    | |_________^ could not find `geometry_msgs` in `self`
[INFO] [stdout]    |
[INFO] [stdout]    = note: this error originates in the macro `$crate::ros_nalgebra_msg` which comes from the expansion of the macro `ros_nalgebra::rosmsg_include` (in Nightly builds, run with -Z macro-backtrace for more info)
[INFO] [stdout] 
[INFO] [stdout] 
[INFO] [stdout] error[E0433]: failed to resolve: could not find `geometry_msgs` in `msg`
[INFO] [stdout]   --> tests/test_path_ns.rs:14:1
[INFO] [stdout]    |
[INFO] [stdout] 14 | ros_nalgebra::ros_nalgebra!(nested::msg);
[INFO] [stdout]    | ^^^^^^^^^^^^^^^^^^^^^^^^^^^^^^^^^^^^^^^^ could not find `geometry_msgs` in `msg`
[INFO] [stdout]    |
[INFO] [stdout]    = note: this error originates in the macro `$crate::ros_nalgebra_msg` which comes from the expansion of the macro `ros_nalgebra::ros_nalgebra` (in Nightly builds, run with -Z macro-backtrace for more info)
[INFO] [stdout] 
[INFO] [stdout] 
[INFO] [stdout] error[E0433]: failed to resolve: could not find `geometry_msgs` in `self`
[INFO] [stdout]   --> examples/example1.rs:22:9
[INFO] [stdout]    |
[INFO] [stdout] 22 |         ros_nalgebra::rosmsg_include!(nav_msgs / Odometry);
[INFO] [stdout]    |         ^^^^^^^^^^^^^^^^^^^^^^^^^^^^^^^^^^^^^^^^^^^^^^^^^^ could not find `geometry_msgs` in `self`
[INFO] [stdout]    |
[INFO] [stdout]    = note: this error originates in the macro `$crate::ros_nalgebra_msg` which comes from the expansion of the macro `ros_nalgebra::rosmsg_include` (in Nightly builds, run with -Z macro-backtrace for more info)
[INFO] [stdout] 
[INFO] [stdout] 
[INFO] [stdout] error[E0433]: failed to resolve: could not find `geometry_msgs` in `my_msg`
[INFO] [stdout]   --> tests/test_transform_msg.rs:29:5
[INFO] [stdout]    |
[INFO] [stdout] 29 |     ros_nalgebra::ros_nalgebra_msg!(my_msg, Quaternion);
[INFO] [stdout]    |     ^^^^^^^^^^^^^^^^^^^^^^^^^^^^^^^^^^^^^^^^^^^^^^^^^^^ could not find `geometry_msgs` in `my_msg`
[INFO] [stdout]    |
[INFO] [stdout]    = note: this error originates in the macro `ros_nalgebra::ros_nalgebra_msg` (in Nightly builds, run with -Z macro-backtrace for more info)
[INFO] [stdout] 
[INFO] [stdout] 
[INFO] [stdout] error[E0433]: failed to resolve: could not find `geometry_msgs` in `self`
[INFO] [stdout]   --> tests/test.rs:24:9
[INFO] [stdout]    |
[INFO] [stdout] 24 | /         ros_nalgebra::rosmsg_include!(
[INFO] [stdout] 25 | |             nav_msgs / Odometry,
[INFO] [stdout] 26 | |             sensor_msgs / Imu,
[INFO] [stdout] 27 | |         );
[INFO] [stdout]    | |_________^ could not find `geometry_msgs` in `self`
[INFO] [stdout]    |
[INFO] [stdout]    = note: this error originates in the macro `$crate::ros_nalgebra_msg` which comes from the expansion of the macro `ros_nalgebra::rosmsg_include` (in Nightly builds, run with -Z macro-backtrace for more info)
[INFO] [stdout] 
[INFO] [stdout] 
[INFO] [stdout] error[E0433]: failed to resolve: could not find `geometry_msgs` in `msg`
[INFO] [stdout]   --> tests/test_path_ns.rs:14:1
[INFO] [stdout]    |
[INFO] [stdout] 14 | ros_nalgebra::ros_nalgebra!(nested::msg);
[INFO] [stdout]    | ^^^^^^^^^^^^^^^^^^^^^^^^^^^^^^^^^^^^^^^^ could not find `geometry_msgs` in `msg`
[INFO] [stdout]    |
[INFO] [stdout]    = note: this error originates in the macro `$crate::ros_nalgebra_msg` which comes from the expansion of the macro `ros_nalgebra::ros_nalgebra` (in Nightly builds, run with -Z macro-backtrace for more info)
[INFO] [stdout] 
[INFO] [stdout] 
[INFO] [stdout] error[E0433]: failed to resolve: could not find `geometry_msgs` in `my_msg`
[INFO] [stdout]   --> tests/test_transform_msg.rs:29:5
[INFO] [stdout]    |
[INFO] [stdout] 29 |     ros_nalgebra::ros_nalgebra_msg!(my_msg, Quaternion);
[INFO] [stdout]    |     ^^^^^^^^^^^^^^^^^^^^^^^^^^^^^^^^^^^^^^^^^^^^^^^^^^^ could not find `geometry_msgs` in `my_msg`
[INFO] [stdout]    |
[INFO] [stdout]    = note: this error originates in the macro `ros_nalgebra::ros_nalgebra_msg` (in Nightly builds, run with -Z macro-backtrace for more info)
[INFO] [stdout] 
[INFO] [stdout] 
[INFO] [stdout] error[E0433]: failed to resolve: could not find `geometry_msgs` in `msg`
[INFO] [stdout]   --> tests/test_path_ns.rs:14:1
[INFO] [stdout]    |
[INFO] [stdout] 14 | ros_nalgebra::ros_nalgebra!(nested::msg);
[INFO] [stdout]    | ^^^^^^^^^^^^^^^^^^^^^^^^^^^^^^^^^^^^^^^^ could not find `geometry_msgs` in `msg`
[INFO] [stdout]    |
[INFO] [stdout]    = note: this error originates in the macro `$crate::ros_nalgebra_msg` which comes from the expansion of the macro `ros_nalgebra::ros_nalgebra` (in Nightly builds, run with -Z macro-backtrace for more info)
[INFO] [stdout] 
[INFO] [stdout] 
[INFO] [stdout] error[E0433]: failed to resolve: could not find `geometry_msgs` in `self`
[INFO] [stdout]   --> tests/test.rs:24:9
[INFO] [stdout]    |
[INFO] [stdout] 24 | /         ros_nalgebra::rosmsg_include!(
[INFO] [stdout] 25 | |             nav_msgs / Odometry,
[INFO] [stdout] 26 | |             sensor_msgs / Imu,
[INFO] [stdout] 27 | |         );
[INFO] [stdout]    | |_________^ could not find `geometry_msgs` in `self`
[INFO] [stdout]    |
[INFO] [stdout]    = note: this error originates in the macro `$crate::ros_nalgebra_msg` which comes from the expansion of the macro `ros_nalgebra::rosmsg_include` (in Nightly builds, run with -Z macro-backtrace for more info)
[INFO] [stdout] 
[INFO] [stdout] 
[INFO] [stdout] error[E0433]: failed to resolve: could not find `geometry_msgs` in `self`
[INFO] [stdout]   --> examples/example1.rs:22:9
[INFO] [stdout]    |
[INFO] [stdout] 22 |         ros_nalgebra::rosmsg_include!(nav_msgs / Odometry);
[INFO] [stdout]    |         ^^^^^^^^^^^^^^^^^^^^^^^^^^^^^^^^^^^^^^^^^^^^^^^^^^ could not find `geometry_msgs` in `self`
[INFO] [stdout]    |
[INFO] [stdout]    = note: this error originates in the macro `$crate::ros_nalgebra_msg` which comes from the expansion of the macro `ros_nalgebra::rosmsg_include` (in Nightly builds, run with -Z macro-backtrace for more info)
[INFO] [stdout] 
[INFO] [stdout] 
[INFO] [stdout] error[E0433]: failed to resolve: could not find `geometry_msgs` in `msg`
[INFO] [stdout]   --> tests/test_path_ns.rs:14:1
[INFO] [stdout]    |
[INFO] [stdout] 14 | ros_nalgebra::ros_nalgebra!(nested::msg);
[INFO] [stdout]    | ^^^^^^^^^^^^^^^^^^^^^^^^^^^^^^^^^^^^^^^^ could not find `geometry_msgs` in `msg`
[INFO] [stdout]    |
[INFO] [stdout]    = note: this error originates in the macro `$crate::ros_nalgebra_msg` which comes from the expansion of the macro `ros_nalgebra::ros_nalgebra` (in Nightly builds, run with -Z macro-backtrace for more info)
[INFO] [stdout] 
[INFO] [stdout] 
[INFO] [stdout] error[E0433]: failed to resolve: could not find `geometry_msgs` in `self`
[INFO] [stdout]   --> tests/test.rs:24:9
[INFO] [stdout]    |
[INFO] [stdout] 24 | /         ros_nalgebra::rosmsg_include!(
[INFO] [stdout] 25 | |             nav_msgs / Odometry,
[INFO] [stdout] 26 | |             sensor_msgs / Imu,
[INFO] [stdout] 27 | |         );
[INFO] [stdout]    | |_________^ could not find `geometry_msgs` in `self`
[INFO] [stdout]    |
[INFO] [stdout]    = note: this error originates in the macro `$crate::ros_nalgebra_msg` which comes from the expansion of the macro `ros_nalgebra::rosmsg_include` (in Nightly builds, run with -Z macro-backtrace for more info)
[INFO] [stdout] 
[INFO] [stdout] 
[INFO] [stdout] error[E0433]: failed to resolve: could not find `geometry_msgs` in `self`
[INFO] [stdout]   --> examples/example1.rs:22:9
[INFO] [stdout]    |
[INFO] [stdout] 22 |         ros_nalgebra::rosmsg_include!(nav_msgs / Odometry);
[INFO] [stdout]    |         ^^^^^^^^^^^^^^^^^^^^^^^^^^^^^^^^^^^^^^^^^^^^^^^^^^ could not find `geometry_msgs` in `self`
[INFO] [stdout]    |
[INFO] [stdout]    = note: this error originates in the macro `$crate::ros_nalgebra_msg` which comes from the expansion of the macro `ros_nalgebra::rosmsg_include` (in Nightly builds, run with -Z macro-backtrace for more info)
[INFO] [stdout] 
[INFO] [stdout] 
[INFO] [stdout] error[E0433]: failed to resolve: could not find `geometry_msgs` in `msg`
[INFO] [stdout]   --> tests/test_path_ns.rs:14:1
[INFO] [stdout]    |
[INFO] [stdout] 14 | ros_nalgebra::ros_nalgebra!(nested::msg);
[INFO] [stdout]    | ^^^^^^^^^^^^^^^^^^^^^^^^^^^^^^^^^^^^^^^^ could not find `geometry_msgs` in `msg`
[INFO] [stdout]    |
[INFO] [stdout]    = note: this error originates in the macro `$crate::ros_nalgebra_msg` which comes from the expansion of the macro `ros_nalgebra::ros_nalgebra` (in Nightly builds, run with -Z macro-backtrace for more info)
[INFO] [stdout] 
[INFO] [stdout] 
[INFO] [stdout] error[E0433]: failed to resolve: could not find `geometry_msgs` in `self`
[INFO] [stdout]   --> examples/example1.rs:22:9
[INFO] [stdout]    |
[INFO] [stdout] 22 |         ros_nalgebra::rosmsg_include!(nav_msgs / Odometry);
[INFO] [stdout]    |         ^^^^^^^^^^^^^^^^^^^^^^^^^^^^^^^^^^^^^^^^^^^^^^^^^^ could not find `geometry_msgs` in `self`
[INFO] [stdout]    |
[INFO] [stdout]    = note: this error originates in the macro `$crate::ros_nalgebra_msg` which comes from the expansion of the macro `ros_nalgebra::rosmsg_include` (in Nightly builds, run with -Z macro-backtrace for more info)
[INFO] [stdout] 
[INFO] [stdout] 
[INFO] [stdout] error[E0433]: failed to resolve: could not find `geometry_msgs` in `self`
[INFO] [stdout]   --> tests/test.rs:24:9
[INFO] [stdout]    |
[INFO] [stdout] 24 | /         ros_nalgebra::rosmsg_include!(
[INFO] [stdout] 25 | |             nav_msgs / Odometry,
[INFO] [stdout] 26 | |             sensor_msgs / Imu,
[INFO] [stdout] 27 | |         );
[INFO] [stdout]    | |_________^ could not find `geometry_msgs` in `self`
[INFO] [stdout]    |
[INFO] [stdout]    = note: this error originates in the macro `$crate::ros_nalgebra_msg` which comes from the expansion of the macro `ros_nalgebra::rosmsg_include` (in Nightly builds, run with -Z macro-backtrace for more info)
[INFO] [stdout] 
[INFO] [stdout] 
[INFO] [stdout] error[E0433]: failed to resolve: could not find `geometry_msgs` in `my_msg`
[INFO] [stdout]   --> tests/test_pose_msg.rs:29:5
[INFO] [stdout]    |
[INFO] [stdout] 29 |     ros_nalgebra::ros_nalgebra_msg!(my_msg, Quaternion);
[INFO] [stdout]    |     ^^^^^^^^^^^^^^^^^^^^^^^^^^^^^^^^^^^^^^^^^^^^^^^^^^^ could not find `geometry_msgs` in `my_msg`
[INFO] [stdout]    |
[INFO] [stdout]    = note: this error originates in the macro `ros_nalgebra::ros_nalgebra_msg` (in Nightly builds, run with -Z macro-backtrace for more info)
[INFO] [stdout] 
[INFO] [stdout] 
[INFO] [stdout] error[E0433]: failed to resolve: could not find `geometry_msgs` in `msg`
[INFO] [stdout]   --> tests/test_path_ns.rs:14:1
[INFO] [stdout]    |
[INFO] [stdout] 14 | ros_nalgebra::ros_nalgebra!(nested::msg);
[INFO] [stdout]    | ^^^^^^^^^^^^^^^^^^^^^^^^^^^^^^^^^^^^^^^^ could not find `geometry_msgs` in `msg`
[INFO] [stdout]    |
[INFO] [stdout]    = note: this error originates in the macro `$crate::ros_nalgebra_msg` which comes from the expansion of the macro `ros_nalgebra::ros_nalgebra` (in Nightly builds, run with -Z macro-backtrace for more info)
[INFO] [stdout] 
[INFO] [stdout] 
[INFO] [stdout] error[E0433]: failed to resolve: could not find `geometry_msgs` in `self`
[INFO] [stdout]   --> examples/example1.rs:22:9
[INFO] [stdout]    |
[INFO] [stdout] 22 |         ros_nalgebra::rosmsg_include!(nav_msgs / Odometry);
[INFO] [stdout]    |         ^^^^^^^^^^^^^^^^^^^^^^^^^^^^^^^^^^^^^^^^^^^^^^^^^^ could not find `geometry_msgs` in `self`
[INFO] [stdout]    |
[INFO] [stdout]    = note: this error originates in the macro `$crate::ros_nalgebra_msg` which comes from the expansion of the macro `ros_nalgebra::rosmsg_include` (in Nightly builds, run with -Z macro-backtrace for more info)
[INFO] [stdout] 
[INFO] [stdout] 
[INFO] [stdout] error[E0433]: failed to resolve: could not find `geometry_msgs` in `self`
[INFO] [stdout]   --> tests/test.rs:24:9
[INFO] [stdout]    |
[INFO] [stdout] 24 | /         ros_nalgebra::rosmsg_include!(
[INFO] [stdout] 25 | |             nav_msgs / Odometry,
[INFO] [stdout] 26 | |             sensor_msgs / Imu,
[INFO] [stdout] 27 | |         );
[INFO] [stdout]    | |_________^ could not find `geometry_msgs` in `self`
[INFO] [stdout]    |
[INFO] [stdout]    = note: this error originates in the macro `$crate::ros_nalgebra_msg` which comes from the expansion of the macro `ros_nalgebra::rosmsg_include` (in Nightly builds, run with -Z macro-backtrace for more info)
[INFO] [stdout] 
[INFO] [stdout] 
[INFO] [stdout] error[E0433]: failed to resolve: could not find `geometry_msgs` in `my_msg`
[INFO] [stdout]   --> tests/test_transform_msg.rs:29:5
[INFO] [stdout]    |
[INFO] [stdout] 29 |     ros_nalgebra::ros_nalgebra_msg!(my_msg, Quaternion);
[INFO] [stdout]    |     ^^^^^^^^^^^^^^^^^^^^^^^^^^^^^^^^^^^^^^^^^^^^^^^^^^^ could not find `geometry_msgs` in `my_msg`
[INFO] [stdout]    |
[INFO] [stdout]    = note: this error originates in the macro `ros_nalgebra::ros_nalgebra_msg` (in Nightly builds, run with -Z macro-backtrace for more info)
[INFO] [stdout] 
[INFO] [stdout] 
[INFO] [stdout] error[E0433]: failed to resolve: could not find `geometry_msgs` in `self`
[INFO] [stdout]   --> examples/example1.rs:22:9
[INFO] [stdout]    |
[INFO] [stdout] 22 |         ros_nalgebra::rosmsg_include!(nav_msgs / Odometry);
[INFO] [stdout]    |         ^^^^^^^^^^^^^^^^^^^^^^^^^^^^^^^^^^^^^^^^^^^^^^^^^^ could not find `geometry_msgs` in `self`
[INFO] [stdout]    |
[INFO] [stdout]    = note: this error originates in the macro `$crate::ros_nalgebra_msg` which comes from the expansion of the macro `ros_nalgebra::rosmsg_include` (in Nightly builds, run with -Z macro-backtrace for more info)
[INFO] [stdout] 
[INFO] [stdout] 
[INFO] [stdout] error[E0433]: failed to resolve: could not find `geometry_msgs` in `msg`
[INFO] [stdout]   --> tests/test_path_ns.rs:14:1
[INFO] [stdout]    |
[INFO] [stdout] 14 | ros_nalgebra::ros_nalgebra!(nested::msg);
[INFO] [stdout]    | ^^^^^^^^^^^^^^^^^^^^^^^^^^^^^^^^^^^^^^^^ could not find `geometry_msgs` in `msg`
[INFO] [stdout]    |
[INFO] [stdout]    = note: this error originates in the macro `$crate::ros_nalgebra_msg` which comes from the expansion of the macro `ros_nalgebra::ros_nalgebra` (in Nightly builds, run with -Z macro-backtrace for more info)
[INFO] [stdout] 
[INFO] [stdout] 
[INFO] [stdout] error[E0433]: failed to resolve: could not find `geometry_msgs` in `self`
[INFO] [stdout]   --> tests/test.rs:24:9
[INFO] [stdout]    |
[INFO] [stdout] 24 | /         ros_nalgebra::rosmsg_include!(
[INFO] [stdout] 25 | |             nav_msgs / Odometry,
[INFO] [stdout] 26 | |             sensor_msgs / Imu,
[INFO] [stdout] 27 | |         );
[INFO] [stdout]    | |_________^ could not find `geometry_msgs` in `self`
[INFO] [stdout]    |
[INFO] [stdout]    = note: this error originates in the macro `$crate::ros_nalgebra_msg` which comes from the expansion of the macro `ros_nalgebra::rosmsg_include` (in Nightly builds, run with -Z macro-backtrace for more info)
[INFO] [stdout] 
[INFO] [stdout] 
[INFO] [stdout] error[E0433]: failed to resolve: could not find `geometry_msgs` in `self`
[INFO] [stdout]   --> examples/example1.rs:22:9
[INFO] [stdout]    |
[INFO] [stdout] 22 |         ros_nalgebra::rosmsg_include!(nav_msgs / Odometry);
[INFO] [stdout]    |         ^^^^^^^^^^^^^^^^^^^^^^^^^^^^^^^^^^^^^^^^^^^^^^^^^^ could not find `geometry_msgs` in `self`
[INFO] [stdout]    |
[INFO] [stdout]    = note: this error originates in the macro `$crate::ros_nalgebra_msg` which comes from the expansion of the macro `ros_nalgebra::rosmsg_include` (in Nightly builds, run with -Z macro-backtrace for more info)
[INFO] [stdout] 
[INFO] [stdout] 
[INFO] [stdout] error[E0433]: failed to resolve: could not find `geometry_msgs` in `msg`
[INFO] [stdout]   --> tests/test_path_ns.rs:14:1
[INFO] [stdout]    |
[INFO] [stdout] 14 | ros_nalgebra::ros_nalgebra!(nested::msg);
[INFO] [stdout]    | ^^^^^^^^^^^^^^^^^^^^^^^^^^^^^^^^^^^^^^^^ could not find `geometry_msgs` in `msg`
[INFO] [stdout]    |
[INFO] [stdout]    = note: this error originates in the macro `$crate::ros_nalgebra_msg` which comes from the expansion of the macro `ros_nalgebra::ros_nalgebra` (in Nightly builds, run with -Z macro-backtrace for more info)
[INFO] [stdout] 
[INFO] [stdout] 
[INFO] [stdout] error[E0433]: failed to resolve: could not find `geometry_msgs` in `my_msg`
[INFO] [stdout]   --> tests/test_pose_msg.rs:29:5
[INFO] [stdout]    |
[INFO] [stdout] 29 |     ros_nalgebra::ros_nalgebra_msg!(my_msg, Quaternion);
[INFO] [stdout]    |     ^^^^^^^^^^^^^^^^^^^^^^^^^^^^^^^^^^^^^^^^^^^^^^^^^^^ could not find `geometry_msgs` in `my_msg`
[INFO] [stdout]    |
[INFO] [stdout]    = note: this error originates in the macro `ros_nalgebra::ros_nalgebra_msg` (in Nightly builds, run with -Z macro-backtrace for more info)
[INFO] [stdout] 
[INFO] [stdout] 
[INFO] [stdout] error[E0433]: failed to resolve: could not find `geometry_msgs` in `self`
[INFO] [stdout]   --> tests/test.rs:24:9
[INFO] [stdout]    |
[INFO] [stdout] 24 | /         ros_nalgebra::rosmsg_include!(
[INFO] [stdout] 25 | |             nav_msgs / Odometry,
[INFO] [stdout] 26 | |             sensor_msgs / Imu,
[INFO] [stdout] 27 | |         );
[INFO] [stdout]    | |_________^ could not find `geometry_msgs` in `self`
[INFO] [stdout]    |
[INFO] [stdout]    = note: this error originates in the macro `$crate::ros_nalgebra_msg` which comes from the expansion of the macro `ros_nalgebra::rosmsg_include` (in Nightly builds, run with -Z macro-backtrace for more info)
[INFO] [stdout] 
[INFO] [stdout] 
[INFO] [stdout] error[E0433]: failed to resolve: could not find `geometry_msgs` in `self`
[INFO] [stdout]   --> examples/example1.rs:22:9
[INFO] [stdout]    |
[INFO] [stdout] 22 |         ros_nalgebra::rosmsg_include!(nav_msgs / Odometry);
[INFO] [stdout]    |         ^^^^^^^^^^^^^^^^^^^^^^^^^^^^^^^^^^^^^^^^^^^^^^^^^^ could not find `geometry_msgs` in `self`
[INFO] [stdout]    |
[INFO] [stdout]    = note: this error originates in the macro `$crate::ros_nalgebra_msg` which comes from the expansion of the macro `ros_nalgebra::rosmsg_include` (in Nightly builds, run with -Z macro-backtrace for more info)
[INFO] [stdout] 
[INFO] [stdout] 
[INFO] [stdout] error[E0433]: failed to resolve: could not find `geometry_msgs` in `msg`
[INFO] [stdout]   --> tests/test_path_ns.rs:14:1
[INFO] [stdout]    |
[INFO] [stdout] 14 | ros_nalgebra::ros_nalgebra!(nested::msg);
[INFO] [stdout]    | ^^^^^^^^^^^^^^^^^^^^^^^^^^^^^^^^^^^^^^^^ could not find `geometry_msgs` in `msg`
[INFO] [stdout]    |
[INFO] [stdout]    = note: this error originates in the macro `$crate::ros_nalgebra_msg` which comes from the expansion of the macro `ros_nalgebra::ros_nalgebra` (in Nightly builds, run with -Z macro-backtrace for more info)
[INFO] [stdout] 
[INFO] [stdout] 
[INFO] [stdout] error[E0433]: failed to resolve: could not find `geometry_msgs` in `my_msg`
[INFO] [stdout]   --> tests/test_pose_msg.rs:29:5
[INFO] [stdout]    |
[INFO] [stdout] 29 |     ros_nalgebra::ros_nalgebra_msg!(my_msg, Quaternion);
[INFO] [stdout]    |     ^^^^^^^^^^^^^^^^^^^^^^^^^^^^^^^^^^^^^^^^^^^^^^^^^^^ could not find `geometry_msgs` in `my_msg`
[INFO] [stdout]    |
[INFO] [stdout]    = note: this error originates in the macro `ros_nalgebra::ros_nalgebra_msg` (in Nightly builds, run with -Z macro-backtrace for more info)
[INFO] [stdout] 
[INFO] [stdout] 
[INFO] [stdout] error[E0433]: failed to resolve: could not find `geometry_msgs` in `self`
[INFO] [stdout]   --> tests/test.rs:24:9
[INFO] [stdout]    |
[INFO] [stdout] 24 | /         ros_nalgebra::rosmsg_include!(
[INFO] [stdout] 25 | |             nav_msgs / Odometry,
[INFO] [stdout] 26 | |             sensor_msgs / Imu,
[INFO] [stdout] 27 | |         );
[INFO] [stdout]    | |_________^ could not find `geometry_msgs` in `self`
[INFO] [stdout]    |
[INFO] [stdout]    = note: this error originates in the macro `$crate::ros_nalgebra_msg` which comes from the expansion of the macro `ros_nalgebra::rosmsg_include` (in Nightly builds, run with -Z macro-backtrace for more info)
[INFO] [stdout] 
[INFO] [stdout] 
[INFO] [stdout] error[E0433]: failed to resolve: could not find `geometry_msgs` in `my_msg`
[INFO] [stdout]   --> tests/test_transform_msg.rs:30:5
[INFO] [stdout]    |
[INFO] [stdout] 30 |     ros_nalgebra::ros_nalgebra_msg!(my_msg, Vector3);
[INFO] [stdout]    |     ^^^^^^^^^^^^^^^^^^^^^^^^^^^^^^^^^^^^^^^^^^^^^^^^ could not find `geometry_msgs` in `my_msg`
[INFO] [stdout]    |
[INFO] [stdout]    = note: this error originates in the macro `ros_nalgebra::ros_nalgebra_msg` (in Nightly builds, run with -Z macro-backtrace for more info)
[INFO] [stdout] 
[INFO] [stdout] 
[INFO] [stdout] error[E0433]: failed to resolve: could not find `geometry_msgs` in `self`
[INFO] [stdout]   --> examples/example1.rs:22:9
[INFO] [stdout]    |
[INFO] [stdout] 22 |         ros_nalgebra::rosmsg_include!(nav_msgs / Odometry);
[INFO] [stdout]    |         ^^^^^^^^^^^^^^^^^^^^^^^^^^^^^^^^^^^^^^^^^^^^^^^^^^ could not find `geometry_msgs` in `self`
[INFO] [stdout]    |
[INFO] [stdout]    = note: this error originates in the macro `$crate::ros_nalgebra_msg` which comes from the expansion of the macro `ros_nalgebra::rosmsg_include` (in Nightly builds, run with -Z macro-backtrace for more info)
[INFO] [stdout] 
[INFO] [stdout] 
[INFO] [stdout] error[E0433]: failed to resolve: could not find `geometry_msgs` in `my_msg`
[INFO] [stdout]   --> tests/test_pose_msg.rs:29:5
[INFO] [stdout]    |
[INFO] [stdout] 29 |     ros_nalgebra::ros_nalgebra_msg!(my_msg, Quaternion);
[INFO] [stdout]    |     ^^^^^^^^^^^^^^^^^^^^^^^^^^^^^^^^^^^^^^^^^^^^^^^^^^^ could not find `geometry_msgs` in `my_msg`
[INFO] [stdout]    |
[INFO] [stdout]    = note: this error originates in the macro `ros_nalgebra::ros_nalgebra_msg` (in Nightly builds, run with -Z macro-backtrace for more info)
[INFO] [stdout] 
[INFO] [stdout] 
[INFO] [stdout] error[E0433]: failed to resolve: could not find `geometry_msgs` in `msg`
[INFO] [stdout]   --> tests/test_path_ns.rs:14:1
[INFO] [stdout]    |
[INFO] [stdout] 14 | ros_nalgebra::ros_nalgebra!(nested::msg);
[INFO] [stdout]    | ^^^^^^^^^^^^^^^^^^^^^^^^^^^^^^^^^^^^^^^^ could not find `geometry_msgs` in `msg`
[INFO] [stdout]    |
[INFO] [stdout]    = note: this error originates in the macro `$crate::ros_nalgebra_msg` which comes from the expansion of the macro `ros_nalgebra::ros_nalgebra` (in Nightly builds, run with -Z macro-backtrace for more info)
[INFO] [stdout] 
[INFO] [stdout] 
[INFO] [stdout] error[E0433]: failed to resolve: could not find `geometry_msgs` in `my_msg`
[INFO] [stdout]   --> tests/test_transform_msg.rs:30:5
[INFO] [stdout]    |
[INFO] [stdout] 30 |     ros_nalgebra::ros_nalgebra_msg!(my_msg, Vector3);
[INFO] [stdout]    |     ^^^^^^^^^^^^^^^^^^^^^^^^^^^^^^^^^^^^^^^^^^^^^^^^ could not find `geometry_msgs` in `my_msg`
[INFO] [stdout]    |
[INFO] [stdout]    = note: this error originates in the macro `ros_nalgebra::ros_nalgebra_msg` (in Nightly builds, run with -Z macro-backtrace for more info)
[INFO] [stdout] 
[INFO] [stdout] 
[INFO] [stdout] error[E0433]: failed to resolve: could not find `geometry_msgs` in `self`
[INFO] [stdout]   --> tests/test.rs:24:9
[INFO] [stdout]    |
[INFO] [stdout] 24 | /         ros_nalgebra::rosmsg_include!(
[INFO] [stdout] 25 | |             nav_msgs / Odometry,
[INFO] [stdout] 26 | |             sensor_msgs / Imu,
[INFO] [stdout] 27 | |         );
[INFO] [stdout]    | |_________^ could not find `geometry_msgs` in `self`
[INFO] [stdout]    |
[INFO] [stdout]    = note: this error originates in the macro `$crate::ros_nalgebra_msg` which comes from the expansion of the macro `ros_nalgebra::rosmsg_include` (in Nightly builds, run with -Z macro-backtrace for more info)
[INFO] [stdout] 
[INFO] [stdout] 
[INFO] [stdout] error[E0433]: failed to resolve: could not find `geometry_msgs` in `self`
[INFO] [stdout]   --> examples/example1.rs:22:9
[INFO] [stdout]    |
[INFO] [stdout] 22 |         ros_nalgebra::rosmsg_include!(nav_msgs / Odometry);
[INFO] [stdout]    |         ^^^^^^^^^^^^^^^^^^^^^^^^^^^^^^^^^^^^^^^^^^^^^^^^^^ could not find `geometry_msgs` in `self`
[INFO] [stdout]    |
[INFO] [stdout]    = note: this error originates in the macro `$crate::ros_nalgebra_msg` which comes from the expansion of the macro `ros_nalgebra::rosmsg_include` (in Nightly builds, run with -Z macro-backtrace for more info)
[INFO] [stdout] 
[INFO] [stdout] 
[INFO] [stdout] error[E0433]: failed to resolve: could not find `geometry_msgs` in `msg`
[INFO] [stdout]   --> tests/test_path_ns.rs:14:1
[INFO] [stdout]    |
[INFO] [stdout] 14 | ros_nalgebra::ros_nalgebra!(nested::msg);
[INFO] [stdout]    | ^^^^^^^^^^^^^^^^^^^^^^^^^^^^^^^^^^^^^^^^ could not find `geometry_msgs` in `msg`
[INFO] [stdout]    |
[INFO] [stdout]    = note: this error originates in the macro `$crate::ros_nalgebra_msg` which comes from the expansion of the macro `ros_nalgebra::ros_nalgebra` (in Nightly builds, run with -Z macro-backtrace for more info)
[INFO] [stdout] 
[INFO] [stdout] 
[INFO] [stdout] error[E0433]: failed to resolve: could not find `geometry_msgs` in `my_msg`
[INFO] [stdout]   --> tests/test_pose_msg.rs:29:5
[INFO] [stdout]    |
[INFO] [stdout] 29 |     ros_nalgebra::ros_nalgebra_msg!(my_msg, Quaternion);
[INFO] [stdout]    |     ^^^^^^^^^^^^^^^^^^^^^^^^^^^^^^^^^^^^^^^^^^^^^^^^^^^ could not find `geometry_msgs` in `my_msg`
[INFO] [stdout]    |
[INFO] [stdout]    = note: this error originates in the macro `ros_nalgebra::ros_nalgebra_msg` (in Nightly builds, run with -Z macro-backtrace for more info)
[INFO] [stdout] 
[INFO] [stdout] 
[INFO] [stdout] error[E0433]: failed to resolve: could not find `geometry_msgs` in `self`
[INFO] [stdout]   --> examples/example1.rs:22:9
[INFO] [stdout]    |
[INFO] [stdout] 22 |         ros_nalgebra::rosmsg_include!(nav_msgs / Odometry);
[INFO] [stdout]    |         ^^^^^^^^^^^^^^^^^^^^^^^^^^^^^^^^^^^^^^^^^^^^^^^^^^ could not find `geometry_msgs` in `self`
[INFO] [stdout]    |
[INFO] [stdout]    = note: this error originates in the macro `$crate::ros_nalgebra_msg` which comes from the expansion of the macro `ros_nalgebra::rosmsg_include` (in Nightly builds, run with -Z macro-backtrace for more info)
[INFO] [stdout] 
[INFO] [stdout] 
[INFO] [stdout] error[E0433]: failed to resolve: could not find `geometry_msgs` in `my_msg`
[INFO] [stdout]   --> tests/test_transform_msg.rs:30:5
[INFO] [stdout]    |
[INFO] [stdout] 30 |     ros_nalgebra::ros_nalgebra_msg!(my_msg, Vector3);
[INFO] [stdout]    |     ^^^^^^^^^^^^^^^^^^^^^^^^^^^^^^^^^^^^^^^^^^^^^^^^ could not find `geometry_msgs` in `my_msg`
[INFO] [stdout]    |
[INFO] [stdout]    = note: this error originates in the macro `ros_nalgebra::ros_nalgebra_msg` (in Nightly builds, run with -Z macro-backtrace for more info)
[INFO] [stdout] 
[INFO] [stdout] 
[INFO] [stdout] error[E0433]: failed to resolve: could not find `geometry_msgs` in `msg`
[INFO] [stdout]   --> tests/test_path_ns.rs:14:1
[INFO] [stdout]    |
[INFO] [stdout] 14 | ros_nalgebra::ros_nalgebra!(nested::msg);
[INFO] [stdout]    | ^^^^^^^^^^^^^^^^^^^^^^^^^^^^^^^^^^^^^^^^ could not find `geometry_msgs` in `msg`
[INFO] [stdout]    |
[INFO] [stdout]    = note: this error originates in the macro `$crate::ros_nalgebra_msg` which comes from the expansion of the macro `ros_nalgebra::ros_nalgebra` (in Nightly builds, run with -Z macro-backtrace for more info)
[INFO] [stdout] 
[INFO] [stdout] 
[INFO] [stdout] error[E0433]: failed to resolve: could not find `geometry_msgs` in `self`
[INFO] [stdout]   --> tests/test.rs:24:9
[INFO] [stdout]    |
[INFO] [stdout] 24 | /         ros_nalgebra::rosmsg_include!(
[INFO] [stdout] 25 | |             nav_msgs / Odometry,
[INFO] [stdout] 26 | |             sensor_msgs / Imu,
[INFO] [stdout] 27 | |         );
[INFO] [stdout]    | |_________^ could not find `geometry_msgs` in `self`
[INFO] [stdout]    |
[INFO] [stdout]    = note: this error originates in the macro `$crate::ros_nalgebra_msg` which comes from the expansion of the macro `ros_nalgebra::rosmsg_include` (in Nightly builds, run with -Z macro-backtrace for more info)
[INFO] [stdout] 
[INFO] [stdout] 
[INFO] [stdout] error[E0433]: failed to resolve: could not find `geometry_msgs` in `my_msg`
[INFO] [stdout]   --> tests/test_transform_msg.rs:30:5
[INFO] [stdout]    |
[INFO] [stdout] 30 |     ros_nalgebra::ros_nalgebra_msg!(my_msg, Vector3);
[INFO] [stdout]    |     ^^^^^^^^^^^^^^^^^^^^^^^^^^^^^^^^^^^^^^^^^^^^^^^^ could not find `geometry_msgs` in `my_msg`
[INFO] [stdout]    |
[INFO] [stdout]    = note: this error originates in the macro `ros_nalgebra::ros_nalgebra_msg` (in Nightly builds, run with -Z macro-backtrace for more info)
[INFO] [stdout] 
[INFO] [stdout] 
[INFO] [stdout] error[E0433]: failed to resolve: could not find `geometry_msgs` in `my_msg`
[INFO] [stdout]   --> tests/test_pose_msg.rs:29:5
[INFO] [stdout]    |
[INFO] [stdout] 29 |     ros_nalgebra::ros_nalgebra_msg!(my_msg, Quaternion);
[INFO] [stdout]    |     ^^^^^^^^^^^^^^^^^^^^^^^^^^^^^^^^^^^^^^^^^^^^^^^^^^^ could not find `geometry_msgs` in `my_msg`
[INFO] [stdout]    |
[INFO] [stdout]    = note: this error originates in the macro `ros_nalgebra::ros_nalgebra_msg` (in Nightly builds, run with -Z macro-backtrace for more info)
[INFO] [stdout] 
[INFO] [stdout] 
[INFO] [stdout] error[E0433]: failed to resolve: could not find `geometry_msgs` in `self`
[INFO] [stdout]   --> examples/example1.rs:22:9
[INFO] [stdout]    |
[INFO] [stdout] 22 |         ros_nalgebra::rosmsg_include!(nav_msgs / Odometry);
[INFO] [stdout]    |         ^^^^^^^^^^^^^^^^^^^^^^^^^^^^^^^^^^^^^^^^^^^^^^^^^^ could not find `geometry_msgs` in `self`
[INFO] [stdout]    |
[INFO] [stdout]    = note: this error originates in the macro `$crate::ros_nalgebra_msg` which comes from the expansion of the macro `ros_nalgebra::rosmsg_include` (in Nightly builds, run with -Z macro-backtrace for more info)
[INFO] [stdout] 
[INFO] [stdout] 
[INFO] [stdout] error[E0433]: failed to resolve: could not find `geometry_msgs` in `msg`
[INFO] [stdout]   --> tests/test_path_ns.rs:14:1
[INFO] [stdout]    |
[INFO] [stdout] 14 | ros_nalgebra::ros_nalgebra!(nested::msg);
[INFO] [stdout]    | ^^^^^^^^^^^^^^^^^^^^^^^^^^^^^^^^^^^^^^^^ could not find `geometry_msgs` in `msg`
[INFO] [stdout]    |
[INFO] [stdout]    = note: this error originates in the macro `$crate::ros_nalgebra_msg` which comes from the expansion of the macro `ros_nalgebra::ros_nalgebra` (in Nightly builds, run with -Z macro-backtrace for more info)
[INFO] [stdout] 
[INFO] [stdout] 
[INFO] [stdout] error[E0433]: failed to resolve: could not find `geometry_msgs` in `self`
[INFO] [stdout]   --> tests/test.rs:24:9
[INFO] [stdout]    |
[INFO] [stdout] 24 | /         ros_nalgebra::rosmsg_include!(
[INFO] [stdout] 25 | |             nav_msgs / Odometry,
[INFO] [stdout] 26 | |             sensor_msgs / Imu,
[INFO] [stdout] 27 | |         );
[INFO] [stdout]    | |_________^ could not find `geometry_msgs` in `self`
[INFO] [stdout]    |
[INFO] [stdout]    = note: this error originates in the macro `$crate::ros_nalgebra_msg` which comes from the expansion of the macro `ros_nalgebra::rosmsg_include` (in Nightly builds, run with -Z macro-backtrace for more info)
[INFO] [stdout] 
[INFO] [stdout] 
[INFO] [stdout] error[E0433]: failed to resolve: could not find `geometry_msgs` in `self`
[INFO] [stdout]   --> examples/example1.rs:22:9
[INFO] [stdout]    |
[INFO] [stdout] 22 |         ros_nalgebra::rosmsg_include!(nav_msgs / Odometry);
[INFO] [stdout]    |         ^^^^^^^^^^^^^^^^^^^^^^^^^^^^^^^^^^^^^^^^^^^^^^^^^^ could not find `geometry_msgs` in `self`
[INFO] [stdout]    |
[INFO] [stdout]    = note: this error originates in the macro `$crate::ros_nalgebra_msg` which comes from the expansion of the macro `ros_nalgebra::rosmsg_include` (in Nightly builds, run with -Z macro-backtrace for more info)
[INFO] [stdout] 
[INFO] [stdout] 
[INFO] [stdout] error[E0433]: failed to resolve: could not find `geometry_msgs` in `msg`
[INFO] [stdout]   --> tests/test_path_ns.rs:14:1
[INFO] [stdout]    |
[INFO] [stdout] 14 | ros_nalgebra::ros_nalgebra!(nested::msg);
[INFO] [stdout]    | ^^^^^^^^^^^^^^^^^^^^^^^^^^^^^^^^^^^^^^^^ could not find `geometry_msgs` in `msg`
[INFO] [stdout]    |
[INFO] [stdout]    = note: this error originates in the macro `$crate::ros_nalgebra_msg` which comes from the expansion of the macro `ros_nalgebra::ros_nalgebra` (in Nightly builds, run with -Z macro-backtrace for more info)
[INFO] [stdout] 
[INFO] [stdout] 
[INFO] [stdout] error[E0433]: failed to resolve: could not find `geometry_msgs` in `my_msg`
[INFO] [stdout]   --> tests/test_transform_msg.rs:30:5
[INFO] [stdout]    |
[INFO] [stdout] 30 |     ros_nalgebra::ros_nalgebra_msg!(my_msg, Vector3);
[INFO] [stdout]    |     ^^^^^^^^^^^^^^^^^^^^^^^^^^^^^^^^^^^^^^^^^^^^^^^^ could not find `geometry_msgs` in `my_msg`
[INFO] [stdout]    |
[INFO] [stdout]    = note: this error originates in the macro `ros_nalgebra::ros_nalgebra_msg` (in Nightly builds, run with -Z macro-backtrace for more info)
[INFO] [stdout] 
[INFO] [stdout] 
[INFO] [stdout] error[E0433]: failed to resolve: could not find `geometry_msgs` in `my_msg`
[INFO] [stdout]   --> tests/test_pose_msg.rs:30:5
[INFO] [stdout]    |
[INFO] [stdout] 30 |     ros_nalgebra::ros_nalgebra_msg!(my_msg, Point);
[INFO] [stdout]    |     ^^^^^^^^^^^^^^^^^^^^^^^^^^^^^^^^^^^^^^^^^^^^^^ could not find `geometry_msgs` in `my_msg`
[INFO] [stdout]    |
[INFO] [stdout]    = note: this error originates in the macro `ros_nalgebra::ros_nalgebra_msg` (in Nightly builds, run with -Z macro-backtrace for more info)
[INFO] [stdout] 
[INFO] [stdout] 
[INFO] [stdout] error[E0433]: failed to resolve: could not find `geometry_msgs` in `self`
[INFO] [stdout]   --> tests/test.rs:24:9
[INFO] [stdout]    |
[INFO] [stdout] 24 | /         ros_nalgebra::rosmsg_include!(
[INFO] [stdout] 25 | |             nav_msgs / Odometry,
[INFO] [stdout] 26 | |             sensor_msgs / Imu,
[INFO] [stdout] 27 | |         );
[INFO] [stdout]    | |_________^ could not find `geometry_msgs` in `self`
[INFO] [stdout]    |
[INFO] [stdout]    = note: this error originates in the macro `$crate::ros_nalgebra_msg` which comes from the expansion of the macro `ros_nalgebra::rosmsg_include` (in Nightly builds, run with -Z macro-backtrace for more info)
[INFO] [stdout] 
[INFO] [stdout] 
[INFO] [stdout] error[E0433]: failed to resolve: could not find `geometry_msgs` in `self`
[INFO] [stdout]   --> examples/example1.rs:22:9
[INFO] [stdout]    |
[INFO] [stdout] 22 |         ros_nalgebra::rosmsg_include!(nav_msgs / Odometry);
[INFO] [stdout]    |         ^^^^^^^^^^^^^^^^^^^^^^^^^^^^^^^^^^^^^^^^^^^^^^^^^^ could not find `geometry_msgs` in `self`
[INFO] [stdout]    |
[INFO] [stdout]    = note: this error originates in the macro `$crate::ros_nalgebra_msg` which comes from the expansion of the macro `ros_nalgebra::rosmsg_include` (in Nightly builds, run with -Z macro-backtrace for more info)
[INFO] [stdout] 
[INFO] [stdout] 
[INFO] [stdout] error[E0433]: failed to resolve: could not find `geometry_msgs` in `my_msg`
[INFO] [stdout]   --> tests/test_transform_msg.rs:30:5
[INFO] [stdout]    |
[INFO] [stdout] 30 |     ros_nalgebra::ros_nalgebra_msg!(my_msg, Vector3);
[INFO] [stdout]    |     ^^^^^^^^^^^^^^^^^^^^^^^^^^^^^^^^^^^^^^^^^^^^^^^^ could not find `geometry_msgs` in `my_msg`
[INFO] [stdout]    |
[INFO] [stdout]    = note: this error originates in the macro `ros_nalgebra::ros_nalgebra_msg` (in Nightly builds, run with -Z macro-backtrace for more info)
[INFO] [stdout] 
[INFO] [stdout] 
[INFO] [stdout] error[E0433]: failed to resolve: could not find `geometry_msgs` in `my_msg`
[INFO] [stdout]   --> tests/test_pose_msg.rs:30:5
[INFO] [stdout]    |
[INFO] [stdout] 30 |     ros_nalgebra::ros_nalgebra_msg!(my_msg, Point);
[INFO] [stdout]    |     ^^^^^^^^^^^^^^^^^^^^^^^^^^^^^^^^^^^^^^^^^^^^^^ could not find `geometry_msgs` in `my_msg`
[INFO] [stdout]    |
[INFO] [stdout]    = note: this error originates in the macro `ros_nalgebra::ros_nalgebra_msg` (in Nightly builds, run with -Z macro-backtrace for more info)
[INFO] [stdout] 
[INFO] [stdout] 
[INFO] [stdout] error[E0433]: failed to resolve: could not find `geometry_msgs` in `self`
[INFO] [stdout]   --> examples/example1.rs:22:9
[INFO] [stdout]    |
[INFO] [stdout] 22 |         ros_nalgebra::rosmsg_include!(nav_msgs / Odometry);
[INFO] [stdout]    |         ^^^^^^^^^^^^^^^^^^^^^^^^^^^^^^^^^^^^^^^^^^^^^^^^^^ could not find `geometry_msgs` in `self`
[INFO] [stdout]    |
[INFO] [stdout]    = note: this error originates in the macro `$crate::ros_nalgebra_msg` which comes from the expansion of the macro `ros_nalgebra::rosmsg_include` (in Nightly builds, run with -Z macro-backtrace for more info)
[INFO] [stdout] 
[INFO] [stdout] 
[INFO] [stdout] error[E0433]: failed to resolve: could not find `geometry_msgs` in `msg`
[INFO] [stdout]   --> tests/test_path_ns.rs:14:1
[INFO] [stdout]    |
[INFO] [stdout] 14 | ros_nalgebra::ros_nalgebra!(nested::msg);
[INFO] [stdout]    | ^^^^^^^^^^^^^^^^^^^^^^^^^^^^^^^^^^^^^^^^ could not find `geometry_msgs` in `msg`
[INFO] [stdout]    |
[INFO] [stdout]    = note: this error originates in the macro `$crate::ros_nalgebra_msg` which comes from the expansion of the macro `ros_nalgebra::ros_nalgebra` (in Nightly builds, run with -Z macro-backtrace for more info)
[INFO] [stdout] 
[INFO] [stdout] 
[INFO] [stdout] error[E0433]: failed to resolve: could not find `geometry_msgs` in `self`
[INFO] [stdout]   --> tests/test.rs:24:9
[INFO] [stdout]    |
[INFO] [stdout] 24 | /         ros_nalgebra::rosmsg_include!(
[INFO] [stdout] 25 | |             nav_msgs / Odometry,
[INFO] [stdout] 26 | |             sensor_msgs / Imu,
[INFO] [stdout] 27 | |         );
[INFO] [stdout]    | |_________^ could not find `geometry_msgs` in `self`
[INFO] [stdout]    |
[INFO] [stdout]    = note: this error originates in the macro `$crate::ros_nalgebra_msg` which comes from the expansion of the macro `ros_nalgebra::rosmsg_include` (in Nightly builds, run with -Z macro-backtrace for more info)
[INFO] [stdout] 
[INFO] [stdout] 
[INFO] [stdout] error[E0433]: failed to resolve: could not find `geometry_msgs` in `my_msg`
[INFO] [stdout]   --> tests/test_pose_msg.rs:30:5
[INFO] [stdout]    |
[INFO] [stdout] 30 |     ros_nalgebra::ros_nalgebra_msg!(my_msg, Point);
[INFO] [stdout]    |     ^^^^^^^^^^^^^^^^^^^^^^^^^^^^^^^^^^^^^^^^^^^^^^ could not find `geometry_msgs` in `my_msg`
[INFO] [stdout]    |
[INFO] [stdout]    = note: this error originates in the macro `ros_nalgebra::ros_nalgebra_msg` (in Nightly builds, run with -Z macro-backtrace for more info)
[INFO] [stdout] 
[INFO] [stdout] 
[INFO] [stdout] error[E0433]: failed to resolve: could not find `geometry_msgs` in `self`
[INFO] [stdout]   --> examples/example1.rs:22:9
[INFO] [stdout]    |
[INFO] [stdout] 22 |         ros_nalgebra::rosmsg_include!(nav_msgs / Odometry);
[INFO] [stdout]    |         ^^^^^^^^^^^^^^^^^^^^^^^^^^^^^^^^^^^^^^^^^^^^^^^^^^ could not find `geometry_msgs` in `self`
[INFO] [stdout]    |
[INFO] [stdout]    = note: this error originates in the macro `$crate::ros_nalgebra_msg` which comes from the expansion of the macro `ros_nalgebra::rosmsg_include` (in Nightly builds, run with -Z macro-backtrace for more info)
[INFO] [stdout] 
[INFO] [stdout] 
[INFO] [stdout] error[E0433]: failed to resolve: could not find `geometry_msgs` in `msg`
[INFO] [stdout]   --> tests/test_path_ns.rs:14:1
[INFO] [stdout]    |
[INFO] [stdout] 14 | ros_nalgebra::ros_nalgebra!(nested::msg);
[INFO] [stdout]    | ^^^^^^^^^^^^^^^^^^^^^^^^^^^^^^^^^^^^^^^^ could not find `geometry_msgs` in `msg`
[INFO] [stdout]    |
[INFO] [stdout]    = note: this error originates in the macro `$crate::ros_nalgebra_msg` which comes from the expansion of the macro `ros_nalgebra::ros_nalgebra` (in Nightly builds, run with -Z macro-backtrace for more info)
[INFO] [stdout] 
[INFO] [stdout] 
[INFO] [stdout] error[E0433]: failed to resolve: could not find `geometry_msgs` in `self`
[INFO] [stdout]   --> tests/test.rs:24:9
[INFO] [stdout]    |
[INFO] [stdout] 24 | /         ros_nalgebra::rosmsg_include!(
[INFO] [stdout] 25 | |             nav_msgs / Odometry,
[INFO] [stdout] 26 | |             sensor_msgs / Imu,
[INFO] [stdout] 27 | |         );
[INFO] [stdout]    | |_________^ could not find `geometry_msgs` in `self`
[INFO] [stdout]    |
[INFO] [stdout]    = note: this error originates in the macro `$crate::ros_nalgebra_msg` which comes from the expansion of the macro `ros_nalgebra::rosmsg_include` (in Nightly builds, run with -Z macro-backtrace for more info)
[INFO] [stdout] 
[INFO] [stdout] 
[INFO] [stdout] error[E0433]: failed to resolve: could not find `geometry_msgs` in `my_msg`
[INFO] [stdout]   --> tests/test_pose_msg.rs:30:5
[INFO] [stdout]    |
[INFO] [stdout] 30 |     ros_nalgebra::ros_nalgebra_msg!(my_msg, Point);
[INFO] [stdout]    |     ^^^^^^^^^^^^^^^^^^^^^^^^^^^^^^^^^^^^^^^^^^^^^^ could not find `geometry_msgs` in `my_msg`
[INFO] [stdout]    |
[INFO] [stdout]    = note: this error originates in the macro `ros_nalgebra::ros_nalgebra_msg` (in Nightly builds, run with -Z macro-backtrace for more info)
[INFO] [stdout] 
[INFO] [stdout] 
[INFO] [stdout] error[E0433]: failed to resolve: could not find `geometry_msgs` in `self`
[INFO] [stdout]   --> examples/example1.rs:22:9
[INFO] [stdout]    |
[INFO] [stdout] 22 |         ros_nalgebra::rosmsg_include!(nav_msgs / Odometry);
[INFO] [stdout]    |         ^^^^^^^^^^^^^^^^^^^^^^^^^^^^^^^^^^^^^^^^^^^^^^^^^^ could not find `geometry_msgs` in `self`
[INFO] [stdout]    |
[INFO] [stdout]    = note: this error originates in the macro `$crate::ros_nalgebra_msg` which comes from the expansion of the macro `ros_nalgebra::rosmsg_include` (in Nightly builds, run with -Z macro-backtrace for more info)
[INFO] [stdout] 
[INFO] [stdout] 
[INFO] [stdout] error[E0433]: failed to resolve: could not find `geometry_msgs` in `my_msg`
[INFO] [stdout]   --> tests/test_transform_msg.rs:30:5
[INFO] [stdout]    |
[INFO] [stdout] 30 |     ros_nalgebra::ros_nalgebra_msg!(my_msg, Vector3);
[INFO] [stdout]    |     ^^^^^^^^^^^^^^^^^^^^^^^^^^^^^^^^^^^^^^^^^^^^^^^^ could not find `geometry_msgs` in `my_msg`
[INFO] [stdout]    |
[INFO] [stdout]    = note: this error originates in the macro `ros_nalgebra::ros_nalgebra_msg` (in Nightly builds, run with -Z macro-backtrace for more info)
[INFO] [stdout] 
[INFO] [stdout] 
[INFO] [stdout] error[E0433]: failed to resolve: could not find `geometry_msgs` in `my_msg`
[INFO] [stdout]   --> tests/test_transform_msg.rs:30:5
[INFO] [stdout]    |
[INFO] [stdout] 30 |     ros_nalgebra::ros_nalgebra_msg!(my_msg, Vector3);
[INFO] [stdout]    |     ^^^^^^^^^^^^^^^^^^^^^^^^^^^^^^^^^^^^^^^^^^^^^^^^ could not find `geometry_msgs` in `my_msg`
[INFO] [stdout]    |
[INFO] [stdout]    = note: this error originates in the macro `ros_nalgebra::ros_nalgebra_msg` (in Nightly builds, run with -Z macro-backtrace for more info)
[INFO] [stdout] 
[INFO] [stdout] 
[INFO] [stdout] error[E0433]: failed to resolve: could not find `geometry_msgs` in `msg`
[INFO] [stdout]   --> tests/test_path_ns.rs:14:1
[INFO] [stdout]    |
[INFO] [stdout] 14 | ros_nalgebra::ros_nalgebra!(nested::msg);
[INFO] [stdout]    | ^^^^^^^^^^^^^^^^^^^^^^^^^^^^^^^^^^^^^^^^ could not find `geometry_msgs` in `msg`
[INFO] [stdout]    |
[INFO] [stdout]    = note: this error originates in the macro `$crate::ros_nalgebra_msg` which comes from the expansion of the macro `ros_nalgebra::ros_nalgebra` (in Nightly builds, run with -Z macro-backtrace for more info)
[INFO] [stdout] 
[INFO] [stdout] 
[INFO] [stdout] error[E0433]: failed to resolve: could not find `geometry_msgs` in `my_msg`
[INFO] [stdout]   --> tests/test_transform_msg.rs:31:5
[INFO] [stdout]    |
[INFO] [stdout] 31 |     ros_nalgebra::ros_nalgebra_msg!(my_msg, Transform);
[INFO] [stdout]    |     ^^^^^^^^^^^^^^^^^^^^^^^^^^^^^^^^^^^^^^^^^^^^^^^^^^ could not find `geometry_msgs` in `my_msg`
[INFO] [stdout]    |
[INFO] [stdout]    = note: this error originates in the macro `ros_nalgebra::ros_nalgebra_msg` (in Nightly builds, run with -Z macro-backtrace for more info)
[INFO] [stdout] 
[INFO] [stdout] 
[INFO] [stdout] error[E0433]: failed to resolve: could not find `geometry_msgs` in `my_msg`
[INFO] [stdout]   --> tests/test_pose_msg.rs:30:5
[INFO] [stdout]    |
[INFO] [stdout] 30 |     ros_nalgebra::ros_nalgebra_msg!(my_msg, Point);
[INFO] [stdout]    |     ^^^^^^^^^^^^^^^^^^^^^^^^^^^^^^^^^^^^^^^^^^^^^^ could not find `geometry_msgs` in `my_msg`
[INFO] [stdout]    |
[INFO] [stdout]    = note: this error originates in the macro `ros_nalgebra::ros_nalgebra_msg` (in Nightly builds, run with -Z macro-backtrace for more info)
[INFO] [stdout] 
[INFO] [stdout] 
[INFO] [stdout] error[E0433]: failed to resolve: could not find `geometry_msgs` in `self`
[INFO] [stdout]   --> tests/test.rs:24:9
[INFO] [stdout]    |
[INFO] [stdout] 24 | /         ros_nalgebra::rosmsg_include!(
[INFO] [stdout] 25 | |             nav_msgs / Odometry,
[INFO] [stdout] 26 | |             sensor_msgs / Imu,
[INFO] [stdout] 27 | |         );
[INFO] [stdout]    | |_________^ could not find `geometry_msgs` in `self`
[INFO] [stdout]    |
[INFO] [stdout]    = note: this error originates in the macro `$crate::ros_nalgebra_msg` which comes from the expansion of the macro `ros_nalgebra::rosmsg_include` (in Nightly builds, run with -Z macro-backtrace for more info)
[INFO] [stdout] 
[INFO] [stdout] 
[INFO] [stdout] error[E0433]: failed to resolve: could not find `geometry_msgs` in `self`
[INFO] [stdout]   --> examples/example1.rs:22:9
[INFO] [stdout]    |
[INFO] [stdout] 22 |         ros_nalgebra::rosmsg_include!(nav_msgs / Odometry);
[INFO] [stdout]    |         ^^^^^^^^^^^^^^^^^^^^^^^^^^^^^^^^^^^^^^^^^^^^^^^^^^ could not find `geometry_msgs` in `self`
[INFO] [stdout]    |
[INFO] [stdout]    = note: this error originates in the macro `$crate::ros_nalgebra_msg` which comes from the expansion of the macro `ros_nalgebra::rosmsg_include` (in Nightly builds, run with -Z macro-backtrace for more info)
[INFO] [stdout] 
[INFO] [stdout] 
[INFO] [stdout] error[E0433]: failed to resolve: could not find `geometry_msgs` in `msg`
[INFO] [stdout]   --> tests/test_path_ns.rs:14:1
[INFO] [stdout]    |
[INFO] [stdout] 14 | ros_nalgebra::ros_nalgebra!(nested::msg);
[INFO] [stdout]    | ^^^^^^^^^^^^^^^^^^^^^^^^^^^^^^^^^^^^^^^^ could not find `geometry_msgs` in `msg`
[INFO] [stdout]    |
[INFO] [stdout]    = note: this error originates in the macro `$crate::ros_nalgebra_msg` which comes from the expansion of the macro `ros_nalgebra::ros_nalgebra` (in Nightly builds, run with -Z macro-backtrace for more info)
[INFO] [stdout] 
[INFO] [stdout] 
[INFO] [stdout] error[E0433]: failed to resolve: could not find `geometry_msgs` in `self`
[INFO] [stdout]   --> tests/test.rs:24:9
[INFO] [stdout]    |
[INFO] [stdout] 24 | /         ros_nalgebra::rosmsg_include!(
[INFO] [stdout] 25 | |             nav_msgs / Odometry,
[INFO] [stdout] 26 | |             sensor_msgs / Imu,
[INFO] [stdout] 27 | |         );
[INFO] [stdout]    | |_________^ could not find `geometry_msgs` in `self`
[INFO] [stdout]    |
[INFO] [stdout]    = note: this error originates in the macro `$crate::ros_nalgebra_msg` which comes from the expansion of the macro `ros_nalgebra::rosmsg_include` (in Nightly builds, run with -Z macro-backtrace for more info)
[INFO] [stdout] 
[INFO] [stdout] 
[INFO] [stdout] error[E0433]: failed to resolve: could not find `geometry_msgs` in `my_msg`
[INFO] [stdout]   --> tests/test_transform_msg.rs:31:5
[INFO] [stdout]    |
[INFO] [stdout] 31 |     ros_nalgebra::ros_nalgebra_msg!(my_msg, Transform);
[INFO] [stdout]    |     ^^^^^^^^^^^^^^^^^^^^^^^^^^^^^^^^^^^^^^^^^^^^^^^^^^ could not find `geometry_msgs` in `my_msg`
[INFO] [stdout]    |
[INFO] [stdout]    = note: this error originates in the macro `ros_nalgebra::ros_nalgebra_msg` (in Nightly builds, run with -Z macro-backtrace for more info)
[INFO] [stdout] 
[INFO] [stdout] 
[INFO] [stdout] error[E0433]: failed to resolve: could not find `geometry_msgs` in `self`
[INFO] [stdout]   --> examples/example1.rs:22:9
[INFO] [stdout]    |
[INFO] [stdout] 22 |         ros_nalgebra::rosmsg_include!(nav_msgs / Odometry);
[INFO] [stdout]    |         ^^^^^^^^^^^^^^^^^^^^^^^^^^^^^^^^^^^^^^^^^^^^^^^^^^ could not find `geometry_msgs` in `self`
[INFO] [stdout]    |
[INFO] [stdout]    = note: this error originates in the macro `$crate::ros_nalgebra_msg` which comes from the expansion of the macro `ros_nalgebra::rosmsg_include` (in Nightly builds, run with -Z macro-backtrace for more info)
[INFO] [stdout] 
[INFO] [stdout] 
[INFO] [stdout] error[E0433]: failed to resolve: could not find `geometry_msgs` in `my_msg`
[INFO] [stdout]   --> tests/test_pose_msg.rs:30:5
[INFO] [stdout]    |
[INFO] [stdout] 30 |     ros_nalgebra::ros_nalgebra_msg!(my_msg, Point);
[INFO] [stdout]    |     ^^^^^^^^^^^^^^^^^^^^^^^^^^^^^^^^^^^^^^^^^^^^^^ could not find `geometry_msgs` in `my_msg`
[INFO] [stdout]    |
[INFO] [stdout]    = note: this error originates in the macro `ros_nalgebra::ros_nalgebra_msg` (in Nightly builds, run with -Z macro-backtrace for more info)
[INFO] [stdout] 
[INFO] [stdout] 
[INFO] [stdout] error[E0433]: failed to resolve: could not find `geometry_msgs` in `msg`
[INFO] [stdout]   --> tests/test_path_ns.rs:14:1
[INFO] [stdout]    |
[INFO] [stdout] 14 | ros_nalgebra::ros_nalgebra!(nested::msg);
[INFO] [stdout]    | ^^^^^^^^^^^^^^^^^^^^^^^^^^^^^^^^^^^^^^^^ could not find `geometry_msgs` in `msg`
[INFO] [stdout]    |
[INFO] [stdout]    = note: this error originates in the macro `$crate::ros_nalgebra_msg` which comes from the expansion of the macro `ros_nalgebra::ros_nalgebra` (in Nightly builds, run with -Z macro-backtrace for more info)
[INFO] [stdout] 
[INFO] [stdout] 
[INFO] [stdout] error[E0433]: failed to resolve: could not find `geometry_msgs` in `my_msg`
[INFO] [stdout]   --> tests/test_transform_msg.rs:31:5
[INFO] [stdout]    |
[INFO] [stdout] 31 |     ros_nalgebra::ros_nalgebra_msg!(my_msg, Transform);
[INFO] [stdout]    |     ^^^^^^^^^^^^^^^^^^^^^^^^^^^^^^^^^^^^^^^^^^^^^^^^^^ could not find `geometry_msgs` in `my_msg`
[INFO] [stdout]    |
[INFO] [stdout]    = note: this error originates in the macro `ros_nalgebra::ros_nalgebra_msg` (in Nightly builds, run with -Z macro-backtrace for more info)
[INFO] [stdout] 
[INFO] [stdout] 
[INFO] [stdout] error[E0433]: failed to resolve: could not find `geometry_msgs` in `self`
[INFO] [stdout]   --> tests/test.rs:24:9
[INFO] [stdout]    |
[INFO] [stdout] 24 | /         ros_nalgebra::rosmsg_include!(
[INFO] [stdout] 25 | |             nav_msgs / Odometry,
[INFO] [stdout] 26 | |             sensor_msgs / Imu,
[INFO] [stdout] 27 | |         );
[INFO] [stdout]    | |_________^ could not find `geometry_msgs` in `self`
[INFO] [stdout]    |
[INFO] [stdout]    = note: this error originates in the macro `$crate::ros_nalgebra_msg` which comes from the expansion of the macro `ros_nalgebra::rosmsg_include` (in Nightly builds, run with -Z macro-backtrace for more info)
[INFO] [stdout] 
[INFO] [stdout] 
[INFO] [stdout] error[E0433]: failed to resolve: could not find `geometry_msgs` in `my_msg`
[INFO] [stdout]   --> tests/test_transform_msg.rs:31:5
[INFO] [stdout]    |
[INFO] [stdout] 31 |     ros_nalgebra::ros_nalgebra_msg!(my_msg, Transform);
[INFO] [stdout]    |     ^^^^^^^^^^^^^^^^^^^^^^^^^^^^^^^^^^^^^^^^^^^^^^^^^^ could not find `geometry_msgs` in `my_msg`
[INFO] [stdout]    |
[INFO] [stdout]    = note: this error originates in the macro `ros_nalgebra::ros_nalgebra_msg` (in Nightly builds, run with -Z macro-backtrace for more info)
[INFO] [stdout] 
[INFO] [stdout] 
[INFO] [stdout] error[E0433]: failed to resolve: could not find `geometry_msgs` in `self`
[INFO] [stdout]   --> tests/test.rs:24:9
[INFO] [stdout]    |
[INFO] [stdout] 24 | /         ros_nalgebra::rosmsg_include!(
[INFO] [stdout] 25 | |             nav_msgs / Odometry,
[INFO] [stdout] 26 | |             sensor_msgs / Imu,
[INFO] [stdout] 27 | |         );
[INFO] [stdout]    | |_________^ could not find `geometry_msgs` in `self`
[INFO] [stdout]    |
[INFO] [stdout]    = note: this error originates in the macro `$crate::ros_nalgebra_msg` which comes from the expansion of the macro `ros_nalgebra::rosmsg_include` (in Nightly builds, run with -Z macro-backtrace for more info)
[INFO] [stdout] 
[INFO] [stdout] 
[INFO] [stdout] error[E0433]: failed to resolve: could not find `geometry_msgs` in `my_msg`
[INFO] [stdout]   --> tests/test_pose_msg.rs:30:5
[INFO] [stdout]    |
[INFO] [stdout] 30 |     ros_nalgebra::ros_nalgebra_msg!(my_msg, Point);
[INFO] [stdout]    |     ^^^^^^^^^^^^^^^^^^^^^^^^^^^^^^^^^^^^^^^^^^^^^^ could not find `geometry_msgs` in `my_msg`
[INFO] [stdout]    |
[INFO] [stdout]    = note: this error originates in the macro `ros_nalgebra::ros_nalgebra_msg` (in Nightly builds, run with -Z macro-backtrace for more info)
[INFO] [stdout] 
[INFO] [stdout] 
[INFO] [stdout] error[E0433]: failed to resolve: could not find `geometry_msgs` in `msg`
[INFO] [stdout]   --> tests/test_path_ns.rs:14:1
[INFO] [stdout]    |
[INFO] [stdout] 14 | ros_nalgebra::ros_nalgebra!(nested::msg);
[INFO] [stdout]    | ^^^^^^^^^^^^^^^^^^^^^^^^^^^^^^^^^^^^^^^^ could not find `geometry_msgs` in `msg`
[INFO] [stdout]    |
[INFO] [stdout]    = note: this error originates in the macro `$crate::ros_nalgebra_msg` which comes from the expansion of the macro `ros_nalgebra::ros_nalgebra` (in Nightly builds, run with -Z macro-backtrace for more info)
[INFO] [stdout] 
[INFO] [stdout] 
[INFO] [stdout] error[E0433]: failed to resolve: could not find `geometry_msgs` in `self`
[INFO] [stdout]   --> tests/test.rs:24:9
[INFO] [stdout]    |
[INFO] [stdout] 24 | /         ros_nalgebra::rosmsg_include!(
[INFO] [stdout] 25 | |             nav_msgs / Odometry,
[INFO] [stdout] 26 | |             sensor_msgs / Imu,
[INFO] [stdout] 27 | |         );
[INFO] [stdout]    | |_________^ could not find `geometry_msgs` in `self`
[INFO] [stdout]    |
[INFO] [stdout]    = note: this error originates in the macro `$crate::ros_nalgebra_msg` which comes from the expansion of the macro `ros_nalgebra::rosmsg_include` (in Nightly builds, run with -Z macro-backtrace for more info)
[INFO] [stdout] 
[INFO] [stdout] 
[INFO] [stdout] error[E0433]: failed to resolve: could not find `geometry_msgs` in `self`
[INFO] [stdout]   --> examples/example1.rs:22:9
[INFO] [stdout]    |
[INFO] [stdout] 22 |         ros_nalgebra::rosmsg_include!(nav_msgs / Odometry);
[INFO] [stdout]    |         ^^^^^^^^^^^^^^^^^^^^^^^^^^^^^^^^^^^^^^^^^^^^^^^^^^ could not find `geometry_msgs` in `self`
[INFO] [stdout]    |
[INFO] [stdout]    = note: this error originates in the macro `$crate::ros_nalgebra_msg` which comes from the expansion of the macro `ros_nalgebra::rosmsg_include` (in Nightly builds, run with -Z macro-backtrace for more info)
[INFO] [stdout] 
[INFO] [stdout] 
[INFO] [stdout] error[E0433]: failed to resolve: could not find `geometry_msgs` in `msg`
[INFO] [stdout]   --> tests/test_path_ns.rs:14:1
[INFO] [stdout]    |
[INFO] [stdout] 14 | ros_nalgebra::ros_nalgebra!(nested::msg);
[INFO] [stdout]    | ^^^^^^^^^^^^^^^^^^^^^^^^^^^^^^^^^^^^^^^^ could not find `geometry_msgs` in `msg`
[INFO] [stdout]    |
[INFO] [stdout]    = note: this error originates in the macro `$crate::ros_nalgebra_msg` which comes from the expansion of the macro `ros_nalgebra::ros_nalgebra` (in Nightly builds, run with -Z macro-backtrace for more info)
[INFO] [stdout] 
[INFO] [stdout] 
[INFO] [stdout] error[E0433]: failed to resolve: could not find `geometry_msgs` in `self`
[INFO] [stdout]   --> examples/example1.rs:22:9
[INFO] [stdout]    |
[INFO] [stdout] 22 |         ros_nalgebra::rosmsg_include!(nav_msgs / Odometry);
[INFO] [stdout]    |         ^^^^^^^^^^^^^^^^^^^^^^^^^^^^^^^^^^^^^^^^^^^^^^^^^^ could not find `geometry_msgs` in `self`
[INFO] [stdout]    |
[INFO] [stdout]    = note: this error originates in the macro `$crate::ros_nalgebra_msg` which comes from the expansion of the macro `ros_nalgebra::rosmsg_include` (in Nightly builds, run with -Z macro-backtrace for more info)
[INFO] [stdout] 
[INFO] [stdout] 
[INFO] [stdout] error[E0433]: failed to resolve: could not find `geometry_msgs` in `msg`
[INFO] [stdout]   --> tests/test_path_ns.rs:14:1
[INFO] [stdout]    |
[INFO] [stdout] 14 | ros_nalgebra::ros_nalgebra!(nested::msg);
[INFO] [stdout]    | ^^^^^^^^^^^^^^^^^^^^^^^^^^^^^^^^^^^^^^^^ could not find `geometry_msgs` in `msg`
[INFO] [stdout]    |
[INFO] [stdout]    = note: this error originates in the macro `$crate::ros_nalgebra_msg` which comes from the expansion of the macro `ros_nalgebra::ros_nalgebra` (in Nightly builds, run with -Z macro-backtrace for more info)
[INFO] [stdout] 
[INFO] [stdout] 
[INFO] [stdout] error[E0433]: failed to resolve: could not find `geometry_msgs` in `self`
[INFO] [stdout]   --> examples/example1.rs:22:9
[INFO] [stdout]    |
[INFO] [stdout] 22 |         ros_nalgebra::rosmsg_include!(nav_msgs / Odometry);
[INFO] [stdout]    |         ^^^^^^^^^^^^^^^^^^^^^^^^^^^^^^^^^^^^^^^^^^^^^^^^^^ could not find `geometry_msgs` in `self`
[INFO] [stdout]    |
[INFO] [stdout]    = note: this error originates in the macro `$crate::ros_nalgebra_msg` which comes from the expansion of the macro `ros_nalgebra::rosmsg_include` (in Nightly builds, run with -Z macro-backtrace for more info)
[INFO] [stdout] 
[INFO] [stdout] 
[INFO] [stdout] error[E0433]: failed to resolve: could not find `geometry_msgs` in `self`
[INFO] [stdout]   --> examples/example1.rs:22:9
[INFO] [stdout]    |
[INFO] [stdout] 22 |         ros_nalgebra::rosmsg_include!(nav_msgs / Odometry);
[INFO] [stdout]    |         ^^^^^^^^^^^^^^^^^^^^^^^^^^^^^^^^^^^^^^^^^^^^^^^^^^ could not find `geometry_msgs` in `self`
[INFO] [stdout]    |
[INFO] [stdout]    = note: this error originates in the macro `$crate::ros_nalgebra_msg` which comes from the expansion of the macro `ros_nalgebra::rosmsg_include` (in Nightly builds, run with -Z macro-backtrace for more info)
[INFO] [stdout] 
[INFO] [stdout] 
[INFO] [stdout] error[E0433]: failed to resolve: could not find `geometry_msgs` in `my_msg`
[INFO] [stdout]   --> tests/test_pose_msg.rs:30:5
[INFO] [stdout]    |
[INFO] [stdout] 30 |     ros_nalgebra::ros_nalgebra_msg!(my_msg, Point);
[INFO] [stdout]    |     ^^^^^^^^^^^^^^^^^^^^^^^^^^^^^^^^^^^^^^^^^^^^^^ could not find `geometry_msgs` in `my_msg`
[INFO] [stdout]    |
[INFO] [stdout]    = note: this error originates in the macro `ros_nalgebra::ros_nalgebra_msg` (in Nightly builds, run with -Z macro-backtrace for more info)
[INFO] [stdout] 
[INFO] [stdout] 
[INFO] [stdout] error[E0433]: failed to resolve: could not find `geometry_msgs` in `msg`
[INFO] [stdout]   --> tests/test_path_ns.rs:14:1
[INFO] [stdout]    |
[INFO] [stdout] 14 | ros_nalgebra::ros_nalgebra!(nested::msg);
[INFO] [stdout]    | ^^^^^^^^^^^^^^^^^^^^^^^^^^^^^^^^^^^^^^^^ could not find `geometry_msgs` in `msg`
[INFO] [stdout]    |
[INFO] [stdout]    = note: this error originates in the macro `$crate::ros_nalgebra_msg` which comes from the expansion of the macro `ros_nalgebra::ros_nalgebra` (in Nightly builds, run with -Z macro-backtrace for more info)
[INFO] [stdout] 
[INFO] [stdout] 
[INFO] [stdout] error[E0433]: failed to resolve: could not find `geometry_msgs` in `my_msg`
[INFO] [stdout]   --> tests/test_transform_msg.rs:36:36
[INFO] [stdout]    |
[INFO] [stdout] 36 |         let mut pose_msg = my_msg::geometry_msgs::Transform::default();
[INFO] [stdout]    |                                    ^^^^^^^^^^^^^ could not find `geometry_msgs` in `my_msg`
[INFO] [stdout]    |
[INFO] [stdout] help: consider importing one of these items
[INFO] [stdout]    |
[INFO] [stdout] 20 +     use crate::tests::na::Transform;
[INFO] [stdout]    |
[INFO] [stdout] 20 +     use nalgebra::Transform;
[INFO] [stdout]    |
[INFO] [stdout] help: if you import `Transform`, refer to it directly
[INFO] [stdout]    |
[INFO] [stdout] 36 -         let mut pose_msg = my_msg::geometry_msgs::Transform::default();
[INFO] [stdout] 36 +         let mut pose_msg = Transform::default();
[INFO] [stdout]    |
[INFO] [stdout] 
[INFO] [stdout] 
[INFO] [stdout] error[E0433]: failed to resolve: could not find `geometry_msgs` in `self`
[INFO] [stdout]   --> tests/test.rs:24:9
[INFO] [stdout]    |
[INFO] [stdout] 24 | /         ros_nalgebra::rosmsg_include!(
[INFO] [stdout] 25 | |             nav_msgs / Odometry,
[INFO] [stdout] 26 | |             sensor_msgs / Imu,
[INFO] [stdout] 27 | |         );
[INFO] [stdout]    | |_________^ could not find `geometry_msgs` in `self`
[INFO] [stdout]    |
[INFO] [stdout]    = note: this error originates in the macro `$crate::ros_nalgebra_msg` which comes from the expansion of the macro `ros_nalgebra::rosmsg_include` (in Nightly builds, run with -Z macro-backtrace for more info)
[INFO] [stdout] 
[INFO] [stdout] 
[INFO] [stdout] error[E0433]: failed to resolve: could not find `geometry_msgs` in `my_msg`
[INFO] [stdout]   --> tests/test_transform_msg.rs:45:36
[INFO] [stdout]    |
[INFO] [stdout] 45 |         let mut pose_msg = my_msg::geometry_msgs::Transform::default();
[INFO] [stdout]    |                                    ^^^^^^^^^^^^^ could not find `geometry_msgs` in `my_msg`
[INFO] [stdout]    |
[INFO] [stdout] help: consider importing one of these items
[INFO] [stdout]    |
[INFO] [stdout] 20 +     use crate::tests::na::Transform;
[INFO] [stdout]    |
[INFO] [stdout] 20 +     use nalgebra::Transform;
[INFO] [stdout]    |
[INFO] [stdout] help: if you import `Transform`, refer to it directly
[INFO] [stdout]    |
[INFO] [stdout] 45 -         let mut pose_msg = my_msg::geometry_msgs::Transform::default();
[INFO] [stdout] 45 +         let mut pose_msg = Transform::default();
[INFO] [stdout]    |
[INFO] [stdout] 
[INFO] [stdout] 
[INFO] [stdout] error[E0433]: failed to resolve: could not find `geometry_msgs` in `self`
[INFO] [stdout]   --> examples/example1.rs:22:9
[INFO] [stdout]    |
[INFO] [stdout] 22 |         ros_nalgebra::rosmsg_include!(nav_msgs / Odometry);
[INFO] [stdout]    |         ^^^^^^^^^^^^^^^^^^^^^^^^^^^^^^^^^^^^^^^^^^^^^^^^^^ could not find `geometry_msgs` in `self`
[INFO] [stdout]    |
[INFO] [stdout]    = note: this error originates in the macro `$crate::ros_nalgebra_msg` which comes from the expansion of the macro `ros_nalgebra::rosmsg_include` (in Nightly builds, run with -Z macro-backtrace for more info)
[INFO] [stdout] 
[INFO] [stdout] 
[INFO] [stdout] error[E0433]: failed to resolve: could not find `geometry_msgs` in `my_msg`
[INFO] [stdout]   --> tests/test_transform_msg.rs:55:27
[INFO] [stdout]    |
[INFO] [stdout] 55 |         let msg = my_msg::geometry_msgs::Transform::from(pose1);
[INFO] [stdout]    |                           ^^^^^^^^^^^^^ could not find `geometry_msgs` in `my_msg`
[INFO] [stdout]    |
[INFO] [stdout] help: consider importing one of these items
[INFO] [stdout]    |
[INFO] [stdout] 20 +     use crate::tests::na::Transform;
[INFO] [stdout]    |
[INFO] [stdout] 20 +     use nalgebra::Transform;
[INFO] [stdout]    |
[INFO] [stdout] help: if you import `Transform`, refer to it directly
[INFO] [stdout]    |
[INFO] [stdout] 55 -         let msg = my_msg::geometry_msgs::Transform::from(pose1);
[INFO] [stdout] 55 +         let msg = Transform::from(pose1);
[INFO] [stdout]    |
[INFO] [stdout] 
[INFO] [stdout] 
[INFO] [stdout] error[E0433]: failed to resolve: could not find `geometry_msgs` in `msg`
[INFO] [stdout]   --> tests/test_path_ns.rs:14:1
[INFO] [stdout]    |
[INFO] [stdout] 14 | ros_nalgebra::ros_nalgebra!(nested::msg);
[INFO] [stdout]    | ^^^^^^^^^^^^^^^^^^^^^^^^^^^^^^^^^^^^^^^^ could not find `geometry_msgs` in `msg`
[INFO] [stdout]    |
[INFO] [stdout]    = note: this error originates in the macro `$crate::ros_nalgebra_msg` which comes from the expansion of the macro `ros_nalgebra::ros_nalgebra` (in Nightly builds, run with -Z macro-backtrace for more info)
[INFO] [stdout] 
[INFO] [stdout] 
[INFO] [stdout] error[E0433]: failed to resolve: could not find `geometry_msgs` in `my_msg`
[INFO] [stdout]   --> tests/test_pose_msg.rs:31:5
[INFO] [stdout]    |
[INFO] [stdout] 31 |     ros_nalgebra::ros_nalgebra_msg!(my_msg, Pose);
[INFO] [stdout]    |     ^^^^^^^^^^^^^^^^^^^^^^^^^^^^^^^^^^^^^^^^^^^^^ could not find `geometry_msgs` in `my_msg`
[INFO] [stdout]    |
[INFO] [stdout]    = note: this error originates in the macro `ros_nalgebra::ros_nalgebra_msg` (in Nightly builds, run with -Z macro-backtrace for more info)
[INFO] [stdout] 
[INFO] [stdout] 
[INFO] [stdout] error[E0433]: failed to resolve: could not find `geometry_msgs` in `self`
[INFO] [stdout]   --> examples/example1.rs:22:9
[INFO] [stdout]    |
[INFO] [stdout] 22 |         ros_nalgebra::rosmsg_include!(nav_msgs / Odometry);
[INFO] [stdout]    |         ^^^^^^^^^^^^^^^^^^^^^^^^^^^^^^^^^^^^^^^^^^^^^^^^^^ could not find `geometry_msgs` in `self`
[INFO] [stdout]    |
[INFO] [stdout]    = note: this error originates in the macro `$crate::ros_nalgebra_msg` which comes from the expansion of the macro `ros_nalgebra::rosmsg_include` (in Nightly builds, run with -Z macro-backtrace for more info)
[INFO] [stdout] 
[INFO] [stdout] 
[INFO] [stdout] error[E0433]: failed to resolve: could not find `geometry_msgs` in `msg`
[INFO] [stdout]   --> tests/test_path_ns.rs:14:1
[INFO] [stdout]    |
[INFO] [stdout] 14 | ros_nalgebra::ros_nalgebra!(nested::msg);
[INFO] [stdout]    | ^^^^^^^^^^^^^^^^^^^^^^^^^^^^^^^^^^^^^^^^ could not find `geometry_msgs` in `msg`
[INFO] [stdout]    |
[INFO] [stdout]    = note: this error originates in the macro `$crate::ros_nalgebra_msg` which comes from the expansion of the macro `ros_nalgebra::ros_nalgebra` (in Nightly builds, run with -Z macro-backtrace for more info)
[INFO] [stdout] 
[INFO] [stdout] 
[INFO] [stdout] error[E0433]: failed to resolve: could not find `geometry_msgs` in `my_msg`
[INFO] [stdout]   --> tests/test_pose_msg.rs:31:5
[INFO] [stdout]    |
[INFO] [stdout] 31 |     ros_nalgebra::ros_nalgebra_msg!(my_msg, Pose);
[INFO] [stdout]    |     ^^^^^^^^^^^^^^^^^^^^^^^^^^^^^^^^^^^^^^^^^^^^^ could not find `geometry_msgs` in `my_msg`
[INFO] [stdout]    |
[INFO] [stdout]    = note: this error originates in the macro `ros_nalgebra::ros_nalgebra_msg` (in Nightly builds, run with -Z macro-backtrace for more info)
[INFO] [stdout] 
[INFO] [stdout] 
[INFO] [stdout] error[E0433]: failed to resolve: could not find `nav_msgs` in `msg`
[INFO] [stdout]   --> examples/example1.rs:25:29
[INFO] [stdout]    |
[INFO] [stdout] 25 |     let mut odom_msg = msg::nav_msgs::Odometry::default();
[INFO] [stdout]    |                             ^^^^^^^^ could not find `nav_msgs` in `msg`
[INFO] [stdout] 
[INFO] [stdout] 
[INFO] [stdout] error[E0433]: failed to resolve: could not find `geometry_msgs` in `msg`
[INFO] [stdout]   --> tests/test_path_ns.rs:14:1
[INFO] [stdout]    |
[INFO] [stdout] 14 | ros_nalgebra::ros_nalgebra!(nested::msg);
[INFO] [stdout]    | ^^^^^^^^^^^^^^^^^^^^^^^^^^^^^^^^^^^^^^^^ could not find `geometry_msgs` in `msg`
[INFO] [stdout]    |
[INFO] [stdout]    = note: this error originates in the macro `$crate::ros_nalgebra_msg` which comes from the expansion of the macro `ros_nalgebra::ros_nalgebra` (in Nightly builds, run with -Z macro-backtrace for more info)
[INFO] [stdout] 
[INFO] [stdout] 
[INFO] [stdout] error[E0433]: failed to resolve: could not find `geometry_msgs` in `my_msg`
[INFO] [stdout]   --> tests/test_pose_msg.rs:31:5
[INFO] [stdout]    |
[INFO] [stdout] 31 |     ros_nalgebra::ros_nalgebra_msg!(my_msg, Pose);
[INFO] [stdout]    |     ^^^^^^^^^^^^^^^^^^^^^^^^^^^^^^^^^^^^^^^^^^^^^ could not find `geometry_msgs` in `my_msg`
[INFO] [stdout]    |
[INFO] [stdout]    = note: this error originates in the macro `ros_nalgebra::ros_nalgebra_msg` (in Nightly builds, run with -Z macro-backtrace for more info)
[INFO] [stdout] 
[INFO] [stdout] 
[INFO] [stdout] error[E0433]: failed to resolve: could not find `geometry_msgs` in `msg`
[INFO] [stdout]   --> examples/example1.rs:38:24
[INFO] [stdout]    |
[INFO] [stdout] 38 |     let pose_msg: msg::geometry_msgs::Pose = pose2.into();
[INFO] [stdout]    |                        ^^^^^^^^^^^^^ could not find `geometry_msgs` in `msg`
[INFO] [stdout] 
[INFO] [stdout] 
[INFO] [stdout] error[E0433]: failed to resolve: could not find `geometry_msgs` in `my_msg`
[INFO] [stdout]   --> tests/test_pose_msg.rs:31:5
[INFO] [stdout]    |
[INFO] [stdout] 31 |     ros_nalgebra::ros_nalgebra_msg!(my_msg, Pose);
[INFO] [stdout]    |     ^^^^^^^^^^^^^^^^^^^^^^^^^^^^^^^^^^^^^^^^^^^^^ could not find `geometry_msgs` in `my_msg`
[INFO] [stdout]    |
[INFO] [stdout]    = note: this error originates in the macro `ros_nalgebra::ros_nalgebra_msg` (in Nightly builds, run with -Z macro-backtrace for more info)
[INFO] [stdout] 
[INFO] [stdout] 
[INFO] [stdout] error[E0433]: failed to resolve: could not find `geometry_msgs` in `self`
[INFO] [stdout]   --> tests/test.rs:24:9
[INFO] [stdout]    |
[INFO] [stdout] 24 | /         ros_nalgebra::rosmsg_include!(
[INFO] [stdout] 25 | |             nav_msgs / Odometry,
[INFO] [stdout] 26 | |             sensor_msgs / Imu,
[INFO] [stdout] 27 | |         );
[INFO] [stdout]    | |_________^ could not find `geometry_msgs` in `self`
[INFO] [stdout]    |
[INFO] [stdout]    = note: this error originates in the macro `$crate::ros_nalgebra_msg` which comes from the expansion of the macro `ros_nalgebra::rosmsg_include` (in Nightly builds, run with -Z macro-backtrace for more info)
[INFO] [stdout] 
[INFO] [stdout] 
[INFO] [stdout] error[E0433]: failed to resolve: could not find `geometry_msgs` in `my_msg`
[INFO] [stdout]   --> tests/test_pose_msg.rs:36:36
[INFO] [stdout]    |
[INFO] [stdout] 36 |         let mut pose_msg = my_msg::geometry_msgs::Pose::default();
[INFO] [stdout]    |                                    ^^^^^^^^^^^^^ could not find `geometry_msgs` in `my_msg`
[INFO] [stdout] 
[INFO] [stdout] 
[INFO] [stdout] error[E0433]: failed to resolve: could not find `geometry_msgs` in `my_msg`
[INFO] [stdout]   --> tests/test_pose_msg.rs:45:36
[INFO] [stdout]    |
[INFO] [stdout] 45 |         let mut pose_msg = my_msg::geometry_msgs::Pose::default();
[INFO] [stdout]    |                                    ^^^^^^^^^^^^^ could not find `geometry_msgs` in `my_msg`
[INFO] [stdout] 
[INFO] [stdout] 
[INFO] [stdout] error[E0433]: failed to resolve: could not find `geometry_msgs` in `my_msg`
[INFO] [stdout]   --> tests/test_pose_msg.rs:55:27
[INFO] [stdout]    |
[INFO] [stdout] 55 |         let msg = my_msg::geometry_msgs::Pose::from(pose1);
[INFO] [stdout]    |                           ^^^^^^^^^^^^^ could not find `geometry_msgs` in `my_msg`
[INFO] [stdout] 
[INFO] [stdout] 
[INFO] [stdout] error[E0433]: failed to resolve: could not find `geometry_msgs` in `msg2`
[INFO] [stdout]   --> tests/test.rs:33:34
[INFO] [stdout]    |
[INFO] [stdout] 33 |         let mut pose_msg = msg2::geometry_msgs::Pose::default();
[INFO] [stdout]    |                                  ^^^^^^^^^^^^^ could not find `geometry_msgs` in `msg2`
[INFO] [stdout] 
[INFO] [stdout] 
[INFO] [stdout] error[E0433]: failed to resolve: could not find `geometry_msgs` in `msg2`
[INFO] [stdout]   --> tests/test.rs:42:34
[INFO] [stdout]    |
[INFO] [stdout] 42 |         let mut pose_msg = msg2::geometry_msgs::Pose::default();
[INFO] [stdout]    |                                  ^^^^^^^^^^^^^ could not find `geometry_msgs` in `msg2`
[INFO] [stdout] 
[INFO] [stdout] 
[INFO] [stdout] error[E0433]: failed to resolve: could not find `nav_msgs` in `msg2`
[INFO] [stdout]   --> tests/test.rs:51:34
[INFO] [stdout]    |
[INFO] [stdout] 51 |         let mut odom_msg = msg2::nav_msgs::Odometry::default();
[INFO] [stdout]    |                                  ^^^^^^^^ could not find `nav_msgs` in `msg2`
[INFO] [stdout] 
[INFO] [stdout] 
[INFO] [stdout] error[E0433]: failed to resolve: could not find `sensor_msgs` in `msg2`
[INFO] [stdout]   --> tests/test.rs:60:33
[INFO] [stdout]    |
[INFO] [stdout] 60 |         let mut imu_msg = msg2::sensor_msgs::Imu::default();
[INFO] [stdout]    |                                 ^^^^^^^^^^^ could not find `sensor_msgs` in `msg2`
[INFO] [stdout] 
[INFO] [stdout] 
[INFO] [stdout] error[E0433]: failed to resolve: could not find `geometry_msgs` in `msg2`
[INFO] [stdout]   --> tests/test.rs:73:25
[INFO] [stdout]    |
[INFO] [stdout] 73 |         let msg = msg2::geometry_msgs::Pose::from(pose1);
[INFO] [stdout]    |                         ^^^^^^^^^^^^^ could not find `geometry_msgs` in `msg2`
[INFO] [stdout] 
[INFO] [stdout] 
[INFO] [stdout] error: aborting due to 33 previous errors
[INFO] [stdout] 
[INFO] [stdout] 
[INFO] [stdout] For more information about this error, try `rustc --explain E0433`.
[INFO] [stdout] 
[INFO] [stderr] error: could not compile `ros-nalgebra` (test "test_path_ns") due to 34 previous errors
[INFO] [stderr] warning: build failed, waiting for other jobs to finish...
[INFO] [stdout] error: aborting due to 24 previous errors
[INFO] [stdout] 
[INFO] [stdout] 
[INFO] [stdout] For more information about this error, try `rustc --explain E0433`.
[INFO] [stdout] 
[INFO] [stdout] error: aborting due to 24 previous errors
[INFO] [stdout] 
[INFO] [stdout] 
[INFO] [stdout] For more information about this error, try `rustc --explain E0433`.
[INFO] [stdout] 
[INFO] [stderr] error: could not compile `ros-nalgebra` (test "test_transform_msg") due to 25 previous errors
[INFO] [stdout] error: aborting due to 35 previous errors
[INFO] [stdout] 
[INFO] [stdout] 
[INFO] [stdout] For more information about this error, try `rustc --explain E0433`.
[INFO] [stdout] 
[INFO] [stderr] error: could not compile `ros-nalgebra` (test "test_pose_msg") due to 25 previous errors
[INFO] [stderr] error: could not compile `ros-nalgebra` (example "example1") due to 36 previous errors
[INFO] [stdout] error: aborting due to 38 previous errors
[INFO] [stdout] 
[INFO] [stdout] 
[INFO] [stdout] For more information about this error, try `rustc --explain E0433`.
[INFO] [stdout] 
[INFO] [stderr] error: could not compile `ros-nalgebra` (test "test") due to 39 previous errors
[INFO] running `Command { std: "docker" "inspect" "29a2ef1184df41ffd697a5541385d67815f1a4faf51223be168be59f1e1ba754", kill_on_drop: false }`
[INFO] running `Command { std: "docker" "rm" "-f" "29a2ef1184df41ffd697a5541385d67815f1a4faf51223be168be59f1e1ba754", kill_on_drop: false }`
[INFO] [stdout] 29a2ef1184df41ffd697a5541385d67815f1a4faf51223be168be59f1e1ba754
